{"id":11177,"date":"2015-10-30T15:27:08","date_gmt":"2015-10-30T14:27:08","guid":{"rendered":"https:\/\/www.notamusic.com\/?post_type=product&#038;p=11177"},"modified":"2022-10-04T12:01:04","modified_gmt":"2022-10-04T10:01:04","slug":"compositori-alla-corte-ottomana","status":"publish","type":"product","link":"https:\/\/www.nota.it\/en\/prodotto\/compositori-alla-corte-ottomana\/","title":{"rendered":"Compositori alla corte ottomana"},"content":{"rendered":"<div class=\"page\" title=\"Page 1\">\n<div class=\"layoutArea\">\n<div class=\"column\">\n<p class=\"p1\">Il CD presenta opere di compositori provenienti dalle differenti comunit\u00e0\u00a0etniche e religiose dell\u2019impero ottomano (turchi, greci, ebrei, armeni, e\u00a0anche italiani) attivi a corte dal XVII al XIX secolo. Tra loro figurano\u00a0autori turchi (El\u00e7i, Itr\u00ee, i sultani Selim III e Mahmud II) cos\u00ec come\u00a0dell\u2019armeno Limonciyan, dell\u2019ebreo Aron Hamon, del greco Petros e\u00a0dell\u2019italiano Giuseppe Donizetti.<\/p>\n<p class=\"p1\">Scrive Kudsi Erguner a proposito della musica colta ottomana:\u00a0\u00abPurtroppo, per una concezione sbagliata, una simile eredit\u00e0 viene\u00a0detta ancor oggi \u201cmusica classica turca\u201d: per me si tratta invece della\u00a0musica classica di molte genti che hanno condiviso una storia comune\u00a0in seno all\u2019impero ottomano. Non \u00e8 quindi una musica fatta per essere\u00a0apprezzata secondo l\u2019appartenenza nazionale ma secondo il gusto di una\u00a0cultura comune, esattamente come la musica classica europea\u00bb.<\/p>\n<div  class='avia-button-wrap av-uj2igt-c65c96b592f8c37ce6c221ec96d8e3c5-wrap avia-button-left  avia-builder-el-0  avia-builder-el-no-sibling '><a href='https:\/\/www.nota.it\/prodotto\/compositori-alla-corte-ottomana-digital-download\/'  class='avia-button av-uj2igt-c65c96b592f8c37ce6c221ec96d8e3c5 av-link-btn avia-icon_select-yes-left-icon avia-size-small avia-position-left avia-color-theme-color'   aria-label=\"Acquista il formato digitale\"><span class='avia_button_icon avia_button_icon_left avia-iconfont avia-font-entypo-fontello' data-av_icon='\ue82d' data-av_iconfont='entypo-fontello' ><\/span><span class='avia_iconbox_title' >Acquista il formato digitale<\/span><\/a><\/div>\n<\/div>\n<\/div>\n<\/div>\n","protected":false},"excerpt":{"rendered":"<p><strong>Booklet + CD \u00a0&#8211; 52 pagine &#8211; ISBN 9788861631151<\/strong><\/p>\n<p>&nbsp;<\/p>\n","protected":false},"featured_media":13618,"comment_status":"closed","ping_status":"closed","template":"","meta":[],"product_brand":[],"product_cat":[74],"product_tag":[],"class_list":{"0":"post-11177","1":"product","2":"type-product","3":"status-publish","4":"has-post-thumbnail","6":"product_cat-intersezioni-musicali","8":"first","9":"instock","10":"purchasable","11":"product-type-simple"},"_links":{"self":[{"href":"https:\/\/www.nota.it\/en\/wp-json\/wp\/v2\/product\/11177","targetHints":{"allow":["GET"]}}],"collection":[{"href":"https:\/\/www.nota.it\/en\/wp-json\/wp\/v2\/product"}],"about":[{"href":"https:\/\/www.nota.it\/en\/wp-json\/wp\/v2\/types\/product"}],"replies":[{"embeddable":true,"href":"https:\/\/www.nota.it\/en\/wp-json\/wp\/v2\/comments?post=11177"}],"wp:featuredmedia":[{"embeddable":true,"href":"https:\/\/www.nota.it\/en\/wp-json\/wp\/v2\/media\/13618"}],"wp:attachment":[{"href":"https:\/\/www.nota.it\/en\/wp-json\/wp\/v2\/media?parent=11177"}],"wp:term":[{"taxonomy":"product_brand","embeddable":true,"href":"https:\/\/www.nota.it\/en\/wp-json\/wp\/v2\/product_brand?post=11177"},{"taxonomy":"product_cat","embeddable":true,"href":"https:\/\/www.nota.it\/en\/wp-json\/wp\/v2\/product_cat?post=11177"},{"taxonomy":"product_tag","embeddable":true,"href":"https:\/\/www.nota.it\/en\/wp-json\/wp\/v2\/product_tag?post=11177"}],"curies":[{"name":"wp","href":"https:\/\/api.w.org\/{rel}","templated":true}]}}

<div class="page" title="Page 1">
<div class="layoutArea">
<div class="column">
<p class="p1">Il CD presenta opere di compositori provenienti dalle differenti comunità etniche e religiose dell’impero ottomano (turchi, greci, ebrei, armeni, e anche italiani) attivi a corte dal XVII al XIX secolo. Tra loro figurano autori turchi (Elçi, Itrî, i sultani Selim III e Mahmud II) così come dell’armeno Limonciyan, dell’ebreo Aron Hamon, del greco Petros e dell’italiano Giuseppe Donizetti.</p>
<p class="p1">Scrive Kudsi Erguner a proposito della musica colta ottomana: «Purtroppo, per una concezione sbagliata, una simile eredità viene detta ancor oggi “musica classica turca”: per me si tratta invece della musica classica di molte genti che hanno condiviso una storia comune in seno all’impero ottomano. Non è quindi una musica fatta per essere apprezzata secondo l’appartenenza nazionale ma secondo il gusto di una cultura comune, esattamente come la musica classica europea».</p>
<div  class='avia-button-wrap av-uj2igt-c65c96b592f8c37ce6c221ec96d8e3c5-wrap avia-button-left  avia-builder-el-0  avia-builder-el-no-sibling '><a href='https://www.nota.it/prodotto/compositori-alla-corte-ottomana-digital-download/'  class='avia-button av-uj2igt-c65c96b592f8c37ce6c221ec96d8e3c5 av-link-btn avia-icon_select-yes-left-icon avia-size-small avia-position-left avia-color-theme-color'   aria-label="Acquista il formato digitale"><span class='avia_button_icon avia_button_icon_left avia-iconfont avia-font-entypo-fontello' data-av_icon='' data-av_iconfont='entypo-fontello' ></span><span class='avia_iconbox_title' >Acquista il formato digitale</span></a></div>
</div>
</div>
</div>
