{"id":11232,"date":"2015-11-23T10:40:04","date_gmt":"2015-11-23T09:40:04","guid":{"rendered":"https:\/\/www.notamusic.com\/?post_type=product&#038;p=11232"},"modified":"2023-04-20T12:01:44","modified_gmt":"2023-04-20T10:01:44","slug":"equinozi","status":"publish","type":"product","link":"https:\/\/www.nota.it\/en\/prodotto\/equinozi\/","title":{"rendered":"Equinozi"},"content":{"rendered":"<div class=\"page\" title=\"Page 1\">\n<div class=\"section\">\n<div class=\"layoutArea\">\n<div class=\"column\">\n<p class=\"p1\"><em>Equinozi<\/em><\/p>\n<p class=\"p1\">La luce e la notte hanno la stessa durata. La festa degli opposti che\u00a0diventano uguali. Cosi` la poesia italiana di Marina Moretti, donna,\u00a0e la poesia slovena di Aleksij Pregarc, uomo, si fondono nella regia\u00a0musicale di Alfredo Lacosegliaz e nelle voci di Ornella Serafini e di\u00a0Irene Pelihan. Il dialogo poetico diventa un atto lirico che restituisce\u00a0l\u2019armonia di un mondo.<\/p>\n<p class=\"p1\"><em>Enakono\u00e5ja &#8211; spremna misel<\/em><\/p>\n<p class=\"p1\">Svetloba in tema sta uravnote\u017eeni. Slavje nasprotij, ki se izenaa\u00c5\u00e3ujeta.\u00a0Tako se italijanska poetika Marine Moretti, \u017eenske, in slovenska lirika\u00a0Aleksija Pregarca, mo\u0161kega, stapljata v\u00a0uzikalia\u00c5\u00e3no pripoved Alfreda\u00a0Lacosegliaz in petje Ornelle Serafini in Irene Pelihan. Poetia\u00c5\u00e3ni dialog\u00a0se spreminja v simbiozo liria\u00c5\u00e3nosti, ki svetu vraa\u00c5\u00e3a harmonijo.<\/p>\n<p><div  class='avia-button-wrap av-uj2igt-5be1620f925ac11bda9d0d174f5bcaa6-wrap avia-button-left  avia-builder-el-0  el_before_av_button  avia-builder-el-first '><a href='https:\/\/music.apple.com\/it\/album\/equinozi-feat-ornella-serafini-irene-peljhan\/506656285'  class='avia-button av-uj2igt-5be1620f925ac11bda9d0d174f5bcaa6 av-link-btn avia-icon_select-yes-left-icon avia-size-small avia-position-left avia-color-grey'  target=\"_blank\"  rel=\"noopener noreferrer\"  aria-label=\"Ascolta o acquista il CD su iTunes\"><span class='avia_button_icon avia_button_icon_left avia-iconfont avia-font-entypo-fontello' data-av_icon='\ue800' data-av_iconfont='entypo-fontello' ><\/span><span class='avia_iconbox_title' >Ascolta o acquista il CD su iTunes<\/span><\/a><\/div> <div  class='avia-button-wrap av-uj2igt-1-a4b09111f95f61b0fd934f8921112120-wrap avia-button-left  avia-builder-el-1  el_after_av_button  avia-builder-el-last '><a href='https:\/\/www.nota.it\/prodotto\/equinozi-digital-download\/'  class='avia-button av-uj2igt-1-a4b09111f95f61b0fd934f8921112120 av-link-btn avia-icon_select-yes-left-icon avia-size-small avia-position-left avia-color-theme-color'  target=\"_blank\"  rel=\"noopener noreferrer\"  aria-label=\"Acquista il formato digitale\"><span class='avia_button_icon avia_button_icon_left avia-iconfont avia-font-entypo-fontello' data-av_icon='\ue82d' data-av_iconfont='entypo-fontello' ><\/span><span class='avia_iconbox_title' >Acquista il formato digitale<\/span><\/a><\/div><\/p>\n<\/div>\n<\/div>\n<\/div>\n<\/div>\n","protected":false},"excerpt":{"rendered":"<p><strong>Booklet + CD &#8211; 28 pagine &#8211; ISBN 9788861630604<\/strong><\/p>\n<div class=\"page\" title=\"Page 1\">\n<div class=\"section\">\n<div class=\"layoutArea\">\n<div class=\"column\">\n<p>&nbsp;<\/p>\n<\/div>\n<\/div>\n<\/div>\n<\/div>\n","protected":false},"featured_media":14238,"comment_status":"closed","ping_status":"closed","template":"","meta":[],"product_brand":[],"product_cat":[71],"product_tag":[564,1106,1107],"class_list":{"0":"post-11232","1":"product","2":"type-product","3":"status-publish","4":"has-post-thumbnail","6":"product_cat-block-nota","7":"product_tag-alfredo-lacosegliaz","8":"product_tag-bn-cd-648","9":"product_tag-equinozi","11":"first","12":"instock","13":"purchasable","14":"product-type-simple"},"_links":{"self":[{"href":"https:\/\/www.nota.it\/en\/wp-json\/wp\/v2\/product\/11232","targetHints":{"allow":["GET"]}}],"collection":[{"href":"https:\/\/www.nota.it\/en\/wp-json\/wp\/v2\/product"}],"about":[{"href":"https:\/\/www.nota.it\/en\/wp-json\/wp\/v2\/types\/product"}],"replies":[{"embeddable":true,"href":"https:\/\/www.nota.it\/en\/wp-json\/wp\/v2\/comments?post=11232"}],"wp:featuredmedia":[{"embeddable":true,"href":"https:\/\/www.nota.it\/en\/wp-json\/wp\/v2\/media\/14238"}],"wp:attachment":[{"href":"https:\/\/www.nota.it\/en\/wp-json\/wp\/v2\/media?parent=11232"}],"wp:term":[{"taxonomy":"product_brand","embeddable":true,"href":"https:\/\/www.nota.it\/en\/wp-json\/wp\/v2\/product_brand?post=11232"},{"taxonomy":"product_cat","embeddable":true,"href":"https:\/\/www.nota.it\/en\/wp-json\/wp\/v2\/product_cat?post=11232"},{"taxonomy":"product_tag","embeddable":true,"href":"https:\/\/www.nota.it\/en\/wp-json\/wp\/v2\/product_tag?post=11232"}],"curies":[{"name":"wp","href":"https:\/\/api.w.org\/{rel}","templated":true}]}}

<div class="page" title="Page 1">
<div class="section">
<div class="layoutArea">
<div class="column">
<p class="p1"><em>Equinozi</em></p>
<p class="p1">La luce e la notte hanno la stessa durata. La festa degli opposti che diventano uguali. Cosi` la poesia italiana di Marina Moretti, donna, e la poesia slovena di Aleksij Pregarc, uomo, si fondono nella regia musicale di Alfredo Lacosegliaz e nelle voci di Ornella Serafini e di Irene Pelihan. Il dialogo poetico diventa un atto lirico che restituisce l’armonia di un mondo.</p>
<p class="p1"><em>Enakonoåja &#8211; spremna misel</em></p>
<p class="p1">Svetloba in tema sta uravnoteženi. Slavje nasprotij, ki se izenaaÅãujeta. Tako se italijanska poetika Marine Moretti, ženske, in slovenska lirika Aleksija Pregarca, moškega, stapljata v uzikaliaÅãno pripoved Alfreda Lacosegliaz in petje Ornelle Serafini in Irene Pelihan. PoetiaÅãni dialog se spreminja v simbiozo liriaÅãnosti, ki svetu vraaÅãa harmonijo.</p>
<p><div  class='avia-button-wrap av-uj2igt-5be1620f925ac11bda9d0d174f5bcaa6-wrap avia-button-left  avia-builder-el-0  el_before_av_button  avia-builder-el-first '><a href='https://music.apple.com/it/album/equinozi-feat-ornella-serafini-irene-peljhan/506656285'  class='avia-button av-uj2igt-5be1620f925ac11bda9d0d174f5bcaa6 av-link-btn avia-icon_select-yes-left-icon avia-size-small avia-position-left avia-color-grey'  target="_blank"  rel="noopener noreferrer"  aria-label="Ascolta o acquista il CD su iTunes"><span class='avia_button_icon avia_button_icon_left avia-iconfont avia-font-entypo-fontello' data-av_icon='' data-av_iconfont='entypo-fontello' ></span><span class='avia_iconbox_title' >Ascolta o acquista il CD su iTunes</span></a></div> <div  class='avia-button-wrap av-uj2igt-1-a4b09111f95f61b0fd934f8921112120-wrap avia-button-left  avia-builder-el-1  el_after_av_button  avia-builder-el-last '><a href='https://www.nota.it/prodotto/equinozi-digital-download/'  class='avia-button av-uj2igt-1-a4b09111f95f61b0fd934f8921112120 av-link-btn avia-icon_select-yes-left-icon avia-size-small avia-position-left avia-color-theme-color'  target="_blank"  rel="noopener noreferrer"  aria-label="Acquista il formato digitale"><span class='avia_button_icon avia_button_icon_left avia-iconfont avia-font-entypo-fontello' data-av_icon='' data-av_iconfont='entypo-fontello' ></span><span class='avia_iconbox_title' >Acquista il formato digitale</span></a></div></p>
</div>
</div>
</div>
</div>
