{"id":11278,"date":"2015-11-26T16:10:46","date_gmt":"2015-11-26T15:10:46","guid":{"rendered":"https:\/\/www.notamusic.com\/?post_type=product&#038;p=11278"},"modified":"2020-04-10T12:10:28","modified_gmt":"2020-04-10T10:10:28","slug":"la-bela-resciesa","status":"publish","type":"product","link":"https:\/\/www.nota.it\/en\/prodotto\/la-bela-resciesa\/","title":{"rendered":"La bela Resciesa"},"content":{"rendered":"<div class=\"page\" title=\"Page 1\">\n<div class=\"section\">\n<div class=\"layoutArea\">\n<div class=\"column\">\n<p>Una ricerca etnomusicologica svolta in Val Gardena mette in luce una realt\u00e0 musicale singolare che si muove tra tradizione e innovazione, dove la musica assume un ruolo centrale nella vita sociale della comunit\u00e0, dove lingue e culture diverse convivono e interagiscono. I documenti audio contenuti nel compact disc restituiscono il vivace e diversificato paesaggio sonoro gardenese nell\u2019arco di settant\u2019anni.<\/p>\n<div class=\"page\" title=\"Page 1\">\n<div class=\"section\">\n<div class=\"layoutArea\">\n<div class=\"column\">\n<div class=\"page\" title=\"Page 1\">\n<div class=\"section\">\n<div class=\"layoutArea\">\n<div class=\"column\">\n<div class=\"page\" title=\"Page 1\">\n<div class=\"section\">\n<div class=\"layoutArea\">\n<div class=\"column\">\n<p class=\"p1\"><em>Kl\u00e4nge, Stimmen und Musik aus Gr\u00f6den<\/em><\/p>\n<p><span style=\"line-height: 1.5;\">Diese in Gr\u00f6den durchgefu\u0308hrte ethnomusikologische Recherche bringt\u00a0eine einzigartige musikalische Realit\u00e4t zum Vorschein, die sich zwischen\u00a0Tradition und Innovation bewegt, wo die Musik eine zentrale Rolle in\u00a0der Gesellschaft spielt und wo die verschiedenen Sprachen und Kulturen\u00a0zusammenleben und zusammenwirken. Die auf der CD enthaltenen\u00a0Audiodokumente geben die lebendige und vielf\u00e4ltige Musiklandschaft\u00a0w\u00e4hrend 70 Jahren wieder.\u00a0<\/span><\/p>\n<p class=\"p1\"><em>L sonn, la ujes y la mujiga de Gherd\u00ebina<\/em><\/p>\n<p class=\"p1\">Ch\u00ebsta nrescida etnomusicologica fata te Gherd\u00ebina porta a lum n mond\u00a0dla mujiga particuler che se muev danter tradizion y nuvit\u00e0 ulache la\u00a0mujiga tol ite n post zentrel tla vita dla cumenanza y ulache la rujenedes\u00a0y cultures defr\u00ebntes viv deberieda y se nfl uenzea l\u2019una cun l\u2019autra. I\u00a0docum\u00ebnc audio che ie lepr\u00f2 sun l CD d\u00e0 n cheder pl\u00ebn de vita y da\u00a0truepa mudazions dl mond di sonns te Gherd\u00ebina te setanta ani.<\/p>\n<\/div>\n<\/div>\n<\/div>\n<\/div>\n<\/div>\n<div class=\"page\" title=\"Page 1\">\n<div  class='avia-button-wrap av-uj2igt-bb39b4c77278372a03ebfcf117a89d02-wrap avia-button-left  avia-builder-el-0  avia-builder-el-no-sibling '><a href='https:\/\/www.nota.it\/prodotto\/la-bela-resciesa-digital-download'  class='avia-button av-uj2igt-bb39b4c77278372a03ebfcf117a89d02 av-link-btn avia-icon_select-yes-left-icon avia-size-small avia-position-left avia-color-theme-color'  target=\"_blank\"  rel=\"noopener noreferrer\"  aria-label=\"Acquista il formato digitale\"><span class='avia_button_icon avia_button_icon_left avia-iconfont avia-font-entypo-fontello' data-av_icon='\ue82d' data-av_iconfont='entypo-fontello' ><\/span><span class='avia_iconbox_title' >Acquista il formato digitale<\/span><\/a><\/div>\n<\/div>\n<\/div>\n<\/div>\n<\/div>\n<\/div>\n<\/div>\n<\/div>\n<\/div>\n<\/div>\n<\/div>\n<\/div>\n<\/div>\n","protected":false},"excerpt":{"rendered":"<p><strong>Libro con CD &#8211; 222 pagine &#8211; ISBN 9788861630819<\/strong><\/p>\n<p><em>I suoni, le voci e le musiche della Val Gardena<\/em><\/p>\n","protected":false},"featured_media":14068,"comment_status":"closed","ping_status":"closed","template":"","meta":[],"product_brand":[],"product_cat":[63],"product_tag":[531,529,528,530],"class_list":{"0":"post-11278","1":"product","2":"type-product","3":"status-publish","4":"has-post-thumbnail","6":"product_cat-geos","7":"product_tag-geos-cdb-572","8":"product_tag-i-suoni-le-voci-e-le-musiche-della-val-gardena","9":"product_tag-la-bela-resciesa","10":"product_tag-paolo-vinati","12":"first","13":"outofstock","14":"purchasable","15":"product-type-simple"},"_links":{"self":[{"href":"https:\/\/www.nota.it\/en\/wp-json\/wp\/v2\/product\/11278","targetHints":{"allow":["GET"]}}],"collection":[{"href":"https:\/\/www.nota.it\/en\/wp-json\/wp\/v2\/product"}],"about":[{"href":"https:\/\/www.nota.it\/en\/wp-json\/wp\/v2\/types\/product"}],"replies":[{"embeddable":true,"href":"https:\/\/www.nota.it\/en\/wp-json\/wp\/v2\/comments?post=11278"}],"wp:featuredmedia":[{"embeddable":true,"href":"https:\/\/www.nota.it\/en\/wp-json\/wp\/v2\/media\/14068"}],"wp:attachment":[{"href":"https:\/\/www.nota.it\/en\/wp-json\/wp\/v2\/media?parent=11278"}],"wp:term":[{"taxonomy":"product_brand","embeddable":true,"href":"https:\/\/www.nota.it\/en\/wp-json\/wp\/v2\/product_brand?post=11278"},{"taxonomy":"product_cat","embeddable":true,"href":"https:\/\/www.nota.it\/en\/wp-json\/wp\/v2\/product_cat?post=11278"},{"taxonomy":"product_tag","embeddable":true,"href":"https:\/\/www.nota.it\/en\/wp-json\/wp\/v2\/product_tag?post=11278"}],"curies":[{"name":"wp","href":"https:\/\/api.w.org\/{rel}","templated":true}]}}

<div class="page" title="Page 1">
<div class="section">
<div class="layoutArea">
<div class="column">
<p>Una ricerca etnomusicologica svolta in Val Gardena mette in luce una realtà musicale singolare che si muove tra tradizione e innovazione, dove la musica assume un ruolo centrale nella vita sociale della comunità, dove lingue e culture diverse convivono e interagiscono. I documenti audio contenuti nel compact disc restituiscono il vivace e diversificato paesaggio sonoro gardenese nell’arco di settant’anni.</p>
<div class="page" title="Page 1">
<div class="section">
<div class="layoutArea">
<div class="column">
<div class="page" title="Page 1">
<div class="section">
<div class="layoutArea">
<div class="column">
<div class="page" title="Page 1">
<div class="section">
<div class="layoutArea">
<div class="column">
<p class="p1"><em>Klänge, Stimmen und Musik aus Gröden</em></p>
<p><span style="line-height: 1.5;">Diese in Gröden durchgeführte ethnomusikologische Recherche bringt eine einzigartige musikalische Realität zum Vorschein, die sich zwischen Tradition und Innovation bewegt, wo die Musik eine zentrale Rolle in der Gesellschaft spielt und wo die verschiedenen Sprachen und Kulturen zusammenleben und zusammenwirken. Die auf der CD enthaltenen Audiodokumente geben die lebendige und vielfältige Musiklandschaft während 70 Jahren wieder. </span></p>
<p class="p1"><em>L sonn, la ujes y la mujiga de Gherdëina</em></p>
<p class="p1">Chësta nrescida etnomusicologica fata te Gherdëina porta a lum n mond dla mujiga particuler che se muev danter tradizion y nuvità ulache la mujiga tol ite n post zentrel tla vita dla cumenanza y ulache la rujenedes y cultures defrëntes viv deberieda y se nfl uenzea l’una cun l’autra. I documënc audio che ie leprò sun l CD dà n cheder plën de vita y da truepa mudazions dl mond di sonns te Gherdëina te setanta ani.</p>
</div>
</div>
</div>
</div>
</div>
<div class="page" title="Page 1">
<div  class='avia-button-wrap av-uj2igt-bb39b4c77278372a03ebfcf117a89d02-wrap avia-button-left  avia-builder-el-0  avia-builder-el-no-sibling '><a href='https://www.nota.it/prodotto/la-bela-resciesa-digital-download'  class='avia-button av-uj2igt-bb39b4c77278372a03ebfcf117a89d02 av-link-btn avia-icon_select-yes-left-icon avia-size-small avia-position-left avia-color-theme-color'  target="_blank"  rel="noopener noreferrer"  aria-label="Acquista il formato digitale"><span class='avia_button_icon avia_button_icon_left avia-iconfont avia-font-entypo-fontello' data-av_icon='' data-av_iconfont='entypo-fontello' ></span><span class='avia_iconbox_title' >Acquista il formato digitale</span></a></div>
</div>
</div>
</div>
</div>
</div>
</div>
</div>
</div>
</div>
</div>
</div>
</div>
