{"id":11314,"date":"2016-01-14T18:23:33","date_gmt":"2016-01-14T17:23:33","guid":{"rendered":"https:\/\/www.notamusic.com\/?post_type=product&#038;p=11314"},"modified":"2020-05-12T12:12:48","modified_gmt":"2020-05-12T10:12:48","slug":"oliena","status":"publish","type":"product","link":"https:\/\/www.nota.it\/en\/prodotto\/oliena\/","title":{"rendered":"Oliena"},"content":{"rendered":"<p>Questo cd vuole essere un omaggio a Antonio Mereu, un grandissimo cantante a tenore di Oliena.<br \/>\nIl cd \u00e8 eseguito dal Raimondo Congia quartetto a tenore.<br \/>\nLo stile di esecuzione (chiamato su traju) presenta elementi peculiari quail ritmo, timbro\/tono, accenti, sillabe ecc&#8230;, che identificano il modo di cantare di ogni singolo villaggio. Nello stile di Oliena \u00e8 possible riconoscere, per un orecchio esperto, elementi quail le diversit\u00e0 nel timbro della voce gutturale, che non possono essere ritrovati in alcun altro luogo. La registrazione \u00e8 stata curata da Gavino Murgia.<\/p>\n<p class=\"p1\"><span class=\"s1\"><div  class='avia-button-wrap av-uj2igt-80f8e5f33cd3c4b5c76498d9fdeea039-wrap avia-button-left  avia-builder-el-0  el_before_av_button  avia-builder-el-first '><a href='https:\/\/www.nota.it\/prodotto\/oliena-digital-download'  class='avia-button av-uj2igt-80f8e5f33cd3c4b5c76498d9fdeea039 av-link-btn avia-icon_select-yes-left-icon avia-size-small avia-position-left avia-color-theme-color'  target=\"_blank\"  rel=\"noopener noreferrer\"  aria-label=\"Acquista il formato digitale\"><span class='avia_button_icon avia_button_icon_left avia-iconfont avia-font-entypo-fontello' data-av_icon='\ue82d' data-av_iconfont='entypo-fontello' ><\/span><span class='avia_iconbox_title' >Acquista il formato digitale<\/span><\/a><\/div> <div  class='avia-button-wrap av-uj2igt-84e4161d717e66f181460eb5e59ea466-wrap avia-button-left  avia-builder-el-1  el_after_av_button  avia-builder-el-last '><a href='https:\/\/music.apple.com\/it\/album\/sardegna-oliena-in-ammentu-de-antoni-mereu-canto-a-tenore\/364777467'  class='avia-button av-uj2igt-84e4161d717e66f181460eb5e59ea466 av-link-btn avia-icon_select-yes-left-icon avia-size-small avia-position-left avia-color-grey'  target=\"_blank\"  rel=\"noopener noreferrer\"  aria-label=\"Ascolta o acquista il CD su iTunes\"><span class='avia_button_icon avia_button_icon_left avia-iconfont avia-font-entypo-fontello' data-av_icon='\ue800' data-av_iconfont='entypo-fontello' ><\/span><span class='avia_iconbox_title' >Ascolta o acquista il CD su iTunes<\/span><\/a><\/div><\/span><\/p>\n","protected":false},"excerpt":{"rendered":"<p><strong>Ean 8033481636057<\/strong><\/p>\n<p><em>Tenore Rimundo Congiu in ammentu de Antoni Mereu<\/em><\/p>\n","protected":false},"featured_media":14218,"comment_status":"closed","ping_status":"closed","template":"","meta":[],"product_brand":[],"product_cat":[63],"product_tag":[930,928,927,929,413],"class_list":{"0":"post-11314","1":"product","2":"type-product","3":"status-publish","4":"has-post-thumbnail","6":"product_cat-geos","7":"product_tag-antoni-mereu","8":"product_tag-geos-cd-605","9":"product_tag-oliena","10":"product_tag-rimundo-congiu","11":"product_tag-sardegna","13":"first","14":"instock","15":"taxable","16":"shipping-taxable","17":"purchasable","18":"product-type-simple"},"_links":{"self":[{"href":"https:\/\/www.nota.it\/en\/wp-json\/wp\/v2\/product\/11314","targetHints":{"allow":["GET"]}}],"collection":[{"href":"https:\/\/www.nota.it\/en\/wp-json\/wp\/v2\/product"}],"about":[{"href":"https:\/\/www.nota.it\/en\/wp-json\/wp\/v2\/types\/product"}],"replies":[{"embeddable":true,"href":"https:\/\/www.nota.it\/en\/wp-json\/wp\/v2\/comments?post=11314"}],"wp:featuredmedia":[{"embeddable":true,"href":"https:\/\/www.nota.it\/en\/wp-json\/wp\/v2\/media\/14218"}],"wp:attachment":[{"href":"https:\/\/www.nota.it\/en\/wp-json\/wp\/v2\/media?parent=11314"}],"wp:term":[{"taxonomy":"product_brand","embeddable":true,"href":"https:\/\/www.nota.it\/en\/wp-json\/wp\/v2\/product_brand?post=11314"},{"taxonomy":"product_cat","embeddable":true,"href":"https:\/\/www.nota.it\/en\/wp-json\/wp\/v2\/product_cat?post=11314"},{"taxonomy":"product_tag","embeddable":true,"href":"https:\/\/www.nota.it\/en\/wp-json\/wp\/v2\/product_tag?post=11314"}],"curies":[{"name":"wp","href":"https:\/\/api.w.org\/{rel}","templated":true}]}}

<p>Questo cd vuole essere un omaggio a Antonio Mereu, un grandissimo cantante a tenore di Oliena.<br />
Il cd è eseguito dal Raimondo Congia quartetto a tenore.<br />
Lo stile di esecuzione (chiamato su traju) presenta elementi peculiari quail ritmo, timbro/tono, accenti, sillabe ecc&#8230;, che identificano il modo di cantare di ogni singolo villaggio. Nello stile di Oliena è possible riconoscere, per un orecchio esperto, elementi quail le diversità nel timbro della voce gutturale, che non possono essere ritrovati in alcun altro luogo. La registrazione è stata curata da Gavino Murgia.</p>
<p class="p1"><span class="s1"><div  class='avia-button-wrap av-uj2igt-80f8e5f33cd3c4b5c76498d9fdeea039-wrap avia-button-left  avia-builder-el-0  el_before_av_button  avia-builder-el-first '><a href='https://www.nota.it/prodotto/oliena-digital-download'  class='avia-button av-uj2igt-80f8e5f33cd3c4b5c76498d9fdeea039 av-link-btn avia-icon_select-yes-left-icon avia-size-small avia-position-left avia-color-theme-color'  target="_blank"  rel="noopener noreferrer"  aria-label="Acquista il formato digitale"><span class='avia_button_icon avia_button_icon_left avia-iconfont avia-font-entypo-fontello' data-av_icon='' data-av_iconfont='entypo-fontello' ></span><span class='avia_iconbox_title' >Acquista il formato digitale</span></a></div> <div  class='avia-button-wrap av-uj2igt-84e4161d717e66f181460eb5e59ea466-wrap avia-button-left  avia-builder-el-1  el_after_av_button  avia-builder-el-last '><a href='https://music.apple.com/it/album/sardegna-oliena-in-ammentu-de-antoni-mereu-canto-a-tenore/364777467'  class='avia-button av-uj2igt-84e4161d717e66f181460eb5e59ea466 av-link-btn avia-icon_select-yes-left-icon avia-size-small avia-position-left avia-color-grey'  target="_blank"  rel="noopener noreferrer"  aria-label="Ascolta o acquista il CD su iTunes"><span class='avia_button_icon avia_button_icon_left avia-iconfont avia-font-entypo-fontello' data-av_icon='' data-av_iconfont='entypo-fontello' ></span><span class='avia_iconbox_title' >Ascolta o acquista il CD su iTunes</span></a></div></span></p>
