{"id":11538,"date":"2016-02-10T13:58:00","date_gmt":"2016-02-10T12:58:00","guid":{"rendered":"https:\/\/www.notamusic.com\/?post_type=product&#038;p=11538"},"modified":"2019-12-06T09:38:21","modified_gmt":"2019-12-06T08:38:21","slug":"multipart-music","status":"publish","type":"product","link":"https:\/\/www.nota.it\/en\/prodotto\/multipart-music\/","title":{"rendered":"Multipart Music"},"content":{"rendered":"<p>Multipart music really is a fascinating and complex phenomenon. Actually, it is a specific \u201cmode of musical thinking, expressive behaviour and sound\u201d. It means that multipart musics have a distinctive typicalness within the general music making sphere. To qualify this typicalness is the main aim of ICTM (International Council for Traditional Music) Study Group on Multipart Music (www.multipartmusic.org).<\/p>\n<p>The discussions of this Study Group are pivoted on a basic point: to study multipart music means to focus on what individuals do when they sing\/play together in organized ways.<\/p>\n<p class=\"p1\">The book includes papers from the\u00a0rst meeting of the Study Group\u00a0(September 15-20, 2010, Cagliari \u2013 Sardinia). It opens with two introductory\u00a0theoretical texts by Ignazio Macchiarella (Theorizing on multipart music\u00a0making ) and Enrique Camara de Landa (Multipart music making between\u00a0Spain and Latin America: some considerations related to the theoretical\u00a0proposals of Ignazio Macchiarella), followed by papers organized in\u00a0vesections:<\/p>\n<p class=\"p1\">1- Historical Perspectives: Gerda Lechleitner, Susanne Ziegler, Rossana\u00a0Dalmonte, Vasco Zara and Massimo Privitera.<\/p>\n<p class=\"p1\">2- Theory and Concepts: Hugo Ferran, \u017danna P\u00e4rtlas, Jacques Bou\u00ebt and\u00a0Joseph Jordania<\/p>\n<p class=\"p1\">3- Making Multipart Musics: Case Studies Mauro Balma, Jo\u0161ko \u0106aleta,\u00a0Fulvia Caruso, Daiva Ra\u010di\u016bnait\u0117-Vy\u010dinien\u0117, Eno Ko\u00e7o, Giuseppe Massimo\u00a0Rizzo, Girolamo Garofalo, Joao de Carvalho and Gerald Florian Messner.<\/p>\n<p class=\"p1\">4- Pyrenees an emerging\u00a0eld: Philippe Cauguilhem, Jean Jacques Casteret,\u00a0Jaume Ayats, Jean-Christophe Maillard and Iris Gayete.<\/p>\n<p class=\"p1\">5- Multipart Singing in Sardinia: Sebastiano Pilosu, Marco Lutzu, Roberto\u00a0Milleddu and Paolo Bravi.<\/p>\n<div  class='avia-button-wrap av-uj2igt-2abff604fcb149cb5bd9a0f769d6cb79-wrap avia-button-left  avia-builder-el-0  avia-builder-el-no-sibling '><a href='https:\/\/www.nota.it\/prodotto\/multipart-music-digital-download\/'  class='avia-button av-uj2igt-2abff604fcb149cb5bd9a0f769d6cb79 av-link-btn avia-icon_select-yes-left-icon avia-size-small avia-position-left avia-color-theme-color'   aria-label=\"Acquista il formato digitale\"><span class='avia_button_icon avia_button_icon_left avia-iconfont avia-font-entypo-fontello' data-av_icon='\ue82d' data-av_iconfont='entypo-fontello' ><\/span><span class='avia_iconbox_title' >Acquista il formato digitale<\/span><\/a><\/div>\n","protected":false},"excerpt":{"rendered":"<p><strong>Libro &#8211; 512 pagine &#8211; ISBN 9788861630925<\/strong><\/p>\n<p><em>A specific mode of musical thinking, expressive behavior and sound<\/em><img decoding=\"async\" src=\"http:\/\/www.nota.it\/design\/nota_webcontent\/images\/trasparente.gif\" alt=\"\" \/><\/p>\n","protected":false},"featured_media":13576,"comment_status":"closed","ping_status":"closed","template":"","meta":[],"product_brand":[],"product_cat":[169],"product_tag":[],"class_list":{"0":"post-11538","1":"product","2":"type-product","3":"status-publish","4":"has-post-thumbnail","6":"product_cat-il-campo","8":"first","9":"instock","10":"purchasable","11":"product-type-simple"},"_links":{"self":[{"href":"https:\/\/www.nota.it\/en\/wp-json\/wp\/v2\/product\/11538","targetHints":{"allow":["GET"]}}],"collection":[{"href":"https:\/\/www.nota.it\/en\/wp-json\/wp\/v2\/product"}],"about":[{"href":"https:\/\/www.nota.it\/en\/wp-json\/wp\/v2\/types\/product"}],"replies":[{"embeddable":true,"href":"https:\/\/www.nota.it\/en\/wp-json\/wp\/v2\/comments?post=11538"}],"wp:featuredmedia":[{"embeddable":true,"href":"https:\/\/www.nota.it\/en\/wp-json\/wp\/v2\/media\/13576"}],"wp:attachment":[{"href":"https:\/\/www.nota.it\/en\/wp-json\/wp\/v2\/media?parent=11538"}],"wp:term":[{"taxonomy":"product_brand","embeddable":true,"href":"https:\/\/www.nota.it\/en\/wp-json\/wp\/v2\/product_brand?post=11538"},{"taxonomy":"product_cat","embeddable":true,"href":"https:\/\/www.nota.it\/en\/wp-json\/wp\/v2\/product_cat?post=11538"},{"taxonomy":"product_tag","embeddable":true,"href":"https:\/\/www.nota.it\/en\/wp-json\/wp\/v2\/product_tag?post=11538"}],"curies":[{"name":"wp","href":"https:\/\/api.w.org\/{rel}","templated":true}]}}

<p>Multipart music really is a fascinating and complex phenomenon. Actually, it is a specific “mode of musical thinking, expressive behaviour and sound”. It means that multipart musics have a distinctive typicalness within the general music making sphere. To qualify this typicalness is the main aim of ICTM (International Council for Traditional Music) Study Group on Multipart Music (www.multipartmusic.org).</p>
<p>The discussions of this Study Group are pivoted on a basic point: to study multipart music means to focus on what individuals do when they sing/play together in organized ways.</p>
<p class="p1">The book includes papers from the rst meeting of the Study Group (September 15-20, 2010, Cagliari – Sardinia). It opens with two introductory theoretical texts by Ignazio Macchiarella (Theorizing on multipart music making ) and Enrique Camara de Landa (Multipart music making between Spain and Latin America: some considerations related to the theoretical proposals of Ignazio Macchiarella), followed by papers organized in vesections:</p>
<p class="p1">1- Historical Perspectives: Gerda Lechleitner, Susanne Ziegler, Rossana Dalmonte, Vasco Zara and Massimo Privitera.</p>
<p class="p1">2- Theory and Concepts: Hugo Ferran, Žanna Pärtlas, Jacques Bouët and Joseph Jordania</p>
<p class="p1">3- Making Multipart Musics: Case Studies Mauro Balma, Joško Ćaleta, Fulvia Caruso, Daiva Račiūnaitė-Vyčinienė, Eno Koço, Giuseppe Massimo Rizzo, Girolamo Garofalo, Joao de Carvalho and Gerald Florian Messner.</p>
<p class="p1">4- Pyrenees an emerging eld: Philippe Cauguilhem, Jean Jacques Casteret, Jaume Ayats, Jean-Christophe Maillard and Iris Gayete.</p>
<p class="p1">5- Multipart Singing in Sardinia: Sebastiano Pilosu, Marco Lutzu, Roberto Milleddu and Paolo Bravi.</p>
<div  class='avia-button-wrap av-uj2igt-2abff604fcb149cb5bd9a0f769d6cb79-wrap avia-button-left  avia-builder-el-0  avia-builder-el-no-sibling '><a href='https://www.nota.it/prodotto/multipart-music-digital-download/'  class='avia-button av-uj2igt-2abff604fcb149cb5bd9a0f769d6cb79 av-link-btn avia-icon_select-yes-left-icon avia-size-small avia-position-left avia-color-theme-color'   aria-label="Acquista il formato digitale"><span class='avia_button_icon avia_button_icon_left avia-iconfont avia-font-entypo-fontello' data-av_icon='' data-av_iconfont='entypo-fontello' ></span><span class='avia_iconbox_title' >Acquista il formato digitale</span></a></div>
