{"id":12209,"date":"2016-08-04T11:30:25","date_gmt":"2016-08-04T09:30:25","guid":{"rendered":"https:\/\/www.notamusic.com\/?post_type=product&#038;p=12209"},"modified":"2022-10-04T11:59:46","modified_gmt":"2022-10-04T09:59:46","slug":"i-maftiri%cc%82m-e-le-opere-degli-ebrei-sefarditi-nella-musica-classica-ottomana","status":"publish","type":"product","link":"https:\/\/www.nota.it\/en\/prodotto\/i-maftiri%cc%82m-e-le-opere-degli-ebrei-sefarditi-nella-musica-classica-ottomana\/","title":{"rendered":"I maftiri\u0302m e le opere degli ebrei sefarditi nella musica classica ottomana"},"content":{"rendered":"<div class=\"page\" title=\"Page 1\">\n<div class=\"layoutArea\">\n<div class=\"column\">\n<p class=\"p1\">Le quattordici tracce che compongono questo CD \u2013costituiscono una selezione tratta da repertori di compositori appartenenti alle comunit\u00e0 degli ebrei sefarditi,\u00a0attive in ambito ottomano fin dal XIV secolo. Il CD \u00e8 \u00a0corredato da un libretto di 54 pagine contenente alcune note introduttive \u2013 in italiano e in inglese \u2013 a cura di Kudsi Erguner.\u00a0I repertori composti dagli ebrei sefarditi \u2013 tema scelto per l\u2019edizione 2015 dei Seminari\u00a0 B\u00eer\u00fbn svoltisi alla Fondazione Giorgio Cini di Venezia, durante i quali \u00e8 stato registrato il CD \u2013 costituiscono un apporto importante al complesso mondo della musica classica ottomana. Una presenza antica e prolungata a Istanbul e in altre zone dell\u2019Anatolia fece s\u00ec che fin dal XV secolo gli ebrei iniziassero ad adottare il sistema estetico e stilistico modale dei<span class=\"s1\"><i> maq<\/i><\/span><i>\u00e2m<\/i> per comporre brani ad uso liturgico, dando vita a nuovi generi adatti alle proprie esigenze rituali. Particolarmente interessanti, a questo proposito risultano i <i>maftir\u00eem <\/i>(\u201cfine\u201d o \u201cchiusura\u201d), brani in cui vengono musicati i <i>piyyut\u00eem<\/i>, componimenti poetici destinati alla cantillazione durante la conclusione dei riti in sinagoga. \u00c8 questo un genere scarsamente documentato e raramente eseguito la cui genesi si deve anche ai numerosi contatti che le comunit\u00e0 sefardite ebbero con altre componenti del mondo ottomano e in particolare con le confraternite di dervisci <i>mevlev\u00ee<\/i> presenti in diverse zone dell\u2019Impero. L\u2019ambito di attivit\u00e0 dei compositori ebrei non era limitato ai contesti interni alla propria comunit\u00e0: alcuni di essi, ad esempio, prestarono servizio a corte, arrivando in alcuni casi a godere di grande stima da parte dei sultani. Fra questi Izak Fresco Romano, detto <i>tanb\u00fbr\u00ee<\/i> Izak dal nome dello strumento che suonava e insegnava, considerato il pi\u00f9 rappresentativo tra i compositori ebrei e il caposcuola del <i>tanb\u00fbr <\/i>moderno.<\/p>\n<p><span style=\"line-height: 1.5;\">Opere di \/ Compositions by Rabbi Yehuda Ben Aroya (fine XVIII secolo), Izak Mac?oro (1918-2008), Musi Haham Mus?e Fao (? -1760), Moshe Ben Natan (?), Behor bin Nun (XIX secolo), Izak Fresco Romano (1745- 1814)<\/span><\/p>\n<\/div>\n<div  class='avia-button-wrap av-uj2igt-65af39afcc2d21084e76f88fe7fb2167-wrap avia-button-left  avia-builder-el-0  el_before_av_button  avia-builder-el-first '><a href='https:\/\/www.nota.it\/prodotto\/i-maftiri\u0302m-e-le-opere-degli-ebrei-sefarditi-nella-musica-classica-ottomana-digital-download\/'  class='avia-button av-uj2igt-65af39afcc2d21084e76f88fe7fb2167 av-link-btn avia-icon_select-yes-left-icon avia-size-small avia-position-left avia-color-theme-color'   aria-label=\"Acquista il formato digitale\"><span class='avia_button_icon avia_button_icon_left avia-iconfont avia-font-entypo-fontello' data-av_icon='\ue82d' data-av_iconfont='entypo-fontello' ><\/span><span class='avia_iconbox_title' >Acquista il formato digitale<\/span><\/a><\/div>\n<div  class='avia-button-wrap av-uj2igt-74a5a2e86bf30ed3e8cbcdfaa06d069b-wrap avia-button-left  avia-builder-el-1  el_after_av_button  avia-builder-el-last '><a href='https:\/\/music.apple.com\/it\/album\/i-maftir%C3%AEm-e-le-opere-degli-ebrei-sefarditi-nella-musica\/1188672181'  class='avia-button av-uj2igt-74a5a2e86bf30ed3e8cbcdfaa06d069b av-link-btn avia-icon_select-yes-left-icon avia-size-small avia-position-left avia-color-grey'  target=\"_blank\"  rel=\"noopener noreferrer\"  aria-label=\"Ascolta o acquista il CD su iTunes\"><span class='avia_button_icon avia_button_icon_left avia-iconfont avia-font-entypo-fontello' data-av_icon='\ue800' data-av_iconfont='entypo-fontello' ><\/span><span class='avia_iconbox_title' >Ascolta o acquista il CD su iTunes<\/span><\/a><\/div>\n<div class=\"column\">\n<p>&nbsp;<\/p>\n<\/div>\n<\/div>\n<\/div>\n","protected":false},"excerpt":{"rendered":"<p><strong>Booklet + CD &#8211; 64 pagine &#8211; ISBN 9788861631434<\/strong><\/p>\n<p class=\"p1\">\n","protected":false},"featured_media":13770,"comment_status":"closed","ping_status":"closed","template":"","meta":[],"product_brand":[],"product_cat":[74],"product_tag":[170,171,172,173,174,175],"class_list":{"0":"post-12209","1":"product","2":"type-product","3":"status-publish","4":"has-post-thumbnail","6":"product_cat-intersezioni-musicali","7":"product_tag-ebrei-sefarditi","8":"product_tag-fondazione-cini","9":"product_tag-maftirim","10":"product_tag-ottomana","11":"product_tag-san-giorgio","12":"product_tag-turchia","14":"first","15":"instock","16":"purchasable","17":"product-type-simple"},"_links":{"self":[{"href":"https:\/\/www.nota.it\/en\/wp-json\/wp\/v2\/product\/12209","targetHints":{"allow":["GET"]}}],"collection":[{"href":"https:\/\/www.nota.it\/en\/wp-json\/wp\/v2\/product"}],"about":[{"href":"https:\/\/www.nota.it\/en\/wp-json\/wp\/v2\/types\/product"}],"replies":[{"embeddable":true,"href":"https:\/\/www.nota.it\/en\/wp-json\/wp\/v2\/comments?post=12209"}],"wp:featuredmedia":[{"embeddable":true,"href":"https:\/\/www.nota.it\/en\/wp-json\/wp\/v2\/media\/13770"}],"wp:attachment":[{"href":"https:\/\/www.nota.it\/en\/wp-json\/wp\/v2\/media?parent=12209"}],"wp:term":[{"taxonomy":"product_brand","embeddable":true,"href":"https:\/\/www.nota.it\/en\/wp-json\/wp\/v2\/product_brand?post=12209"},{"taxonomy":"product_cat","embeddable":true,"href":"https:\/\/www.nota.it\/en\/wp-json\/wp\/v2\/product_cat?post=12209"},{"taxonomy":"product_tag","embeddable":true,"href":"https:\/\/www.nota.it\/en\/wp-json\/wp\/v2\/product_tag?post=12209"}],"curies":[{"name":"wp","href":"https:\/\/api.w.org\/{rel}","templated":true}]}}

<div class="page" title="Page 1">
<div class="layoutArea">
<div class="column">
<p class="p1">Le quattordici tracce che compongono questo CD –costituiscono una selezione tratta da repertori di compositori appartenenti alle comunità degli ebrei sefarditi, attive in ambito ottomano fin dal XIV secolo. Il CD è  corredato da un libretto di 54 pagine contenente alcune note introduttive – in italiano e in inglese – a cura di Kudsi Erguner. I repertori composti dagli ebrei sefarditi – tema scelto per l’edizione 2015 dei Seminari  Bîrûn svoltisi alla Fondazione Giorgio Cini di Venezia, durante i quali è stato registrato il CD – costituiscono un apporto importante al complesso mondo della musica classica ottomana. Una presenza antica e prolungata a Istanbul e in altre zone dell’Anatolia fece sì che fin dal XV secolo gli ebrei iniziassero ad adottare il sistema estetico e stilistico modale dei<span class="s1"><i> maq</i></span><i>âm</i> per comporre brani ad uso liturgico, dando vita a nuovi generi adatti alle proprie esigenze rituali. Particolarmente interessanti, a questo proposito risultano i <i>maftirîm </i>(“fine” o “chiusura”), brani in cui vengono musicati i <i>piyyutîm</i>, componimenti poetici destinati alla cantillazione durante la conclusione dei riti in sinagoga. È questo un genere scarsamente documentato e raramente eseguito la cui genesi si deve anche ai numerosi contatti che le comunità sefardite ebbero con altre componenti del mondo ottomano e in particolare con le confraternite di dervisci <i>mevlevî</i> presenti in diverse zone dell’Impero. L’ambito di attività dei compositori ebrei non era limitato ai contesti interni alla propria comunità: alcuni di essi, ad esempio, prestarono servizio a corte, arrivando in alcuni casi a godere di grande stima da parte dei sultani. Fra questi Izak Fresco Romano, detto <i>tanbûrî</i> Izak dal nome dello strumento che suonava e insegnava, considerato il più rappresentativo tra i compositori ebrei e il caposcuola del <i>tanbûr </i>moderno.</p>
<p><span style="line-height: 1.5;">Opere di / Compositions by Rabbi Yehuda Ben Aroya (fine XVIII secolo), Izak Mac?oro (1918-2008), Musi Haham Mus?e Fao (? -1760), Moshe Ben Natan (?), Behor bin Nun (XIX secolo), Izak Fresco Romano (1745- 1814)</span></p>
</div>
<div  class='avia-button-wrap av-uj2igt-65af39afcc2d21084e76f88fe7fb2167-wrap avia-button-left  avia-builder-el-0  el_before_av_button  avia-builder-el-first '><a href='https://www.nota.it/prodotto/i-maftirîm-e-le-opere-degli-ebrei-sefarditi-nella-musica-classica-ottomana-digital-download/'  class='avia-button av-uj2igt-65af39afcc2d21084e76f88fe7fb2167 av-link-btn avia-icon_select-yes-left-icon avia-size-small avia-position-left avia-color-theme-color'   aria-label="Acquista il formato digitale"><span class='avia_button_icon avia_button_icon_left avia-iconfont avia-font-entypo-fontello' data-av_icon='' data-av_iconfont='entypo-fontello' ></span><span class='avia_iconbox_title' >Acquista il formato digitale</span></a></div>
<div  class='avia-button-wrap av-uj2igt-74a5a2e86bf30ed3e8cbcdfaa06d069b-wrap avia-button-left  avia-builder-el-1  el_after_av_button  avia-builder-el-last '><a href='https://music.apple.com/it/album/i-maftir%C3%AEm-e-le-opere-degli-ebrei-sefarditi-nella-musica/1188672181'  class='avia-button av-uj2igt-74a5a2e86bf30ed3e8cbcdfaa06d069b av-link-btn avia-icon_select-yes-left-icon avia-size-small avia-position-left avia-color-grey'  target="_blank"  rel="noopener noreferrer"  aria-label="Ascolta o acquista il CD su iTunes"><span class='avia_button_icon avia_button_icon_left avia-iconfont avia-font-entypo-fontello' data-av_icon='' data-av_iconfont='entypo-fontello' ></span><span class='avia_iconbox_title' >Ascolta o acquista il CD su iTunes</span></a></div>
<div class="column">
<p>&nbsp;</p>
</div>
</div>
</div>
