{"id":16387,"date":"2020-02-12T12:45:52","date_gmt":"2020-02-12T11:45:52","guid":{"rendered":"https:\/\/www.notamusic.com\/?post_type=product&#038;p=16387"},"modified":"2022-09-29T16:06:19","modified_gmt":"2022-09-29T14:06:19","slug":"la-terra-e-piatta","status":"publish","type":"product","link":"https:\/\/www.nota.it\/en\/prodotto\/la-terra-e-piatta\/","title":{"rendered":"La terra \u00e8 piatta"},"content":{"rendered":"<p class=\"p1\">Dedicato alla memoria di Giuliano Piazza e Dina Boldrini.<\/p>\n<p class=\"p1\">Davide Dobrilla ha suonato la fisarmonica in: \u201cLa moglie del Gigante\u201d, \u201cStoria del processo Murri\u201d, \u201cSerenata\u201d, composti in occasione della conferenza-spettacolo: \u201cBologna, storie, storielle, canzoni, zirudelle\u201d a cura del prof. P.M Alemagna, 2017<\/p>\n<p class=\"p1\">Negli altri pezzi Federico Berti ha suonato: Chitarra, Clarinetto, Batteria portativa, Basso, Voci, arrangiamento e mix<\/p>\n<p class=\"p1\">Le parti di batteria portativa sono registrate su tracce separate per una migliore qualit\u00e0 del suono, ma corrispondono a quelle suonate realmente dal vivo.<\/p>\n<p class=\"p1\">\u201cLa moglie del Gigante\u201d \u00e8 su testo di Giosu\u00e8 Carducci dedicata al Pincio di Bologna e alla statua del Nettuno detto \u2018Il Gigante\u2019<br \/>\n\u201cVia degli Orefici\u201d valzer dedicato a Ferruccio Fanti e ai Suonatori della Valle del Savena<br \/>\n\u201cAddio Lugano bella\u201d \u00e8 per Massimo Zacchi<\/p>\n<p class=\"p1\">La serenata, per Teresa<\/p>\n<p>&nbsp;<\/p>\n<p class=\"p1\"><b>Federico Berti <\/b>attore, cantore e cantastorie. Ascolta storie e le trasforma in leggende, ascolta leggende e le trasforma in storie, rievoca miti arcaici e banalizza modelli di comportamento attuali per svelarne gli inganni. Non \u00e8 estraneo al suo linguaggio n\u00e8 \u00e9 l\u2019afflato ideale e politico e neppure l\u2019uso dei topoi propri dei cantastorie dell\u2019Italia centrale ai cui stilemi rimane fedele.<\/p>\n<div  class='avia-button-wrap av-uj2igt-a63a6a792918c85a7b9fdbe65b85560d-wrap avia-button-left  avia-builder-el-0  el_before_av_button  avia-builder-el-first '><a href='https:\/\/www.nota.it\/prodotto\/la-terra-e-piatta-digital-download\/'  class='avia-button av-uj2igt-a63a6a792918c85a7b9fdbe65b85560d av-link-btn avia-icon_select-yes-left-icon avia-size-small avia-position-left avia-color-theme-color'  target=\"_blank\"  rel=\"noopener noreferrer\"  aria-label=\"Acquista il formato digitale\"><span class='avia_button_icon avia_button_icon_left avia-iconfont avia-font-entypo-fontello' data-av_icon='\ue82d' data-av_iconfont='entypo-fontello' ><\/span><span class='avia_iconbox_title' >Acquista il formato digitale<\/span><\/a><\/div>\n<div  class='avia-button-wrap av-uj2igt-736bd9084b1662963a00ae2e4519b65b-wrap avia-button-left  avia-builder-el-1  el_after_av_button  avia-builder-el-last '><a href='https:\/\/music.apple.com\/it\/album\/la-terra-%C3%A8-piatta\/1475384464'  class='avia-button av-uj2igt-736bd9084b1662963a00ae2e4519b65b av-link-btn avia-icon_select-yes-left-icon avia-size-small avia-position-left avia-color-grey'  target=\"_blank\"  rel=\"noopener noreferrer\"  aria-label=\"Ascolta o acquista il CD su iTunes\"><span class='avia_button_icon avia_button_icon_left avia-iconfont avia-font-entypo-fontello' data-av_icon='\ue800' data-av_iconfont='entypo-fontello' ><\/span><span class='avia_iconbox_title' >Ascolta o acquista il CD su iTunes<\/span><\/a><\/div>\n","protected":false},"excerpt":{"rendered":"<p class=\"p1\"><span class=\"s1\"><strong>CD &#8211; Ean 8033481634626<\/strong><\/span><\/p>\n","protected":false},"featured_media":16385,"comment_status":"closed","ping_status":"closed","template":"","meta":[],"product_brand":[],"product_cat":[65],"product_tag":[],"class_list":{"0":"post-16387","1":"product","2":"type-product","3":"status-publish","4":"has-post-thumbnail","6":"product_cat-nota","8":"first","9":"instock","10":"taxable","11":"shipping-taxable","12":"purchasable","13":"product-type-simple"},"_links":{"self":[{"href":"https:\/\/www.nota.it\/en\/wp-json\/wp\/v2\/product\/16387","targetHints":{"allow":["GET"]}}],"collection":[{"href":"https:\/\/www.nota.it\/en\/wp-json\/wp\/v2\/product"}],"about":[{"href":"https:\/\/www.nota.it\/en\/wp-json\/wp\/v2\/types\/product"}],"replies":[{"embeddable":true,"href":"https:\/\/www.nota.it\/en\/wp-json\/wp\/v2\/comments?post=16387"}],"wp:featuredmedia":[{"embeddable":true,"href":"https:\/\/www.nota.it\/en\/wp-json\/wp\/v2\/media\/16385"}],"wp:attachment":[{"href":"https:\/\/www.nota.it\/en\/wp-json\/wp\/v2\/media?parent=16387"}],"wp:term":[{"taxonomy":"product_brand","embeddable":true,"href":"https:\/\/www.nota.it\/en\/wp-json\/wp\/v2\/product_brand?post=16387"},{"taxonomy":"product_cat","embeddable":true,"href":"https:\/\/www.nota.it\/en\/wp-json\/wp\/v2\/product_cat?post=16387"},{"taxonomy":"product_tag","embeddable":true,"href":"https:\/\/www.nota.it\/en\/wp-json\/wp\/v2\/product_tag?post=16387"}],"curies":[{"name":"wp","href":"https:\/\/api.w.org\/{rel}","templated":true}]}}

La terra è piatta

<p class="p1">Dedicato alla memoria di Giuliano Piazza e Dina Boldrini.</p>
<p class="p1">Davide Dobrilla ha suonato la fisarmonica in: “La moglie del Gigante”, “Storia del processo Murri”, “Serenata”, composti in occasione della conferenza-spettacolo: “Bologna, storie, storielle, canzoni, zirudelle” a cura del prof. P.M Alemagna, 2017</p>
<p class="p1">Negli altri pezzi Federico Berti ha suonato: Chitarra, Clarinetto, Batteria portativa, Basso, Voci, arrangiamento e mix</p>
<p class="p1">Le parti di batteria portativa sono registrate su tracce separate per una migliore qualità del suono, ma corrispondono a quelle suonate realmente dal vivo.</p>
<p class="p1">“La moglie del Gigante” è su testo di Giosuè Carducci dedicata al Pincio di Bologna e alla statua del Nettuno detto ‘Il Gigante’<br />
“Via degli Orefici” valzer dedicato a Ferruccio Fanti e ai Suonatori della Valle del Savena<br />
“Addio Lugano bella” è per Massimo Zacchi</p>
<p class="p1">La serenata, per Teresa</p>
<p>&nbsp;</p>
<p class="p1"><b>Federico Berti </b>attore, cantore e cantastorie. Ascolta storie e le trasforma in leggende, ascolta leggende e le trasforma in storie, rievoca miti arcaici e banalizza modelli di comportamento attuali per svelarne gli inganni. Non è estraneo al suo linguaggio nè é l’afflato ideale e politico e neppure l’uso dei topoi propri dei cantastorie dell’Italia centrale ai cui stilemi rimane fedele.</p>
<div  class='avia-button-wrap av-uj2igt-a63a6a792918c85a7b9fdbe65b85560d-wrap avia-button-left  avia-builder-el-0  el_before_av_button  avia-builder-el-first '><a href='https://www.nota.it/prodotto/la-terra-e-piatta-digital-download/'  class='avia-button av-uj2igt-a63a6a792918c85a7b9fdbe65b85560d av-link-btn avia-icon_select-yes-left-icon avia-size-small avia-position-left avia-color-theme-color'  target="_blank"  rel="noopener noreferrer"  aria-label="Acquista il formato digitale"><span class='avia_button_icon avia_button_icon_left avia-iconfont avia-font-entypo-fontello' data-av_icon='' data-av_iconfont='entypo-fontello' ></span><span class='avia_iconbox_title' >Acquista il formato digitale</span></a></div>
<div  class='avia-button-wrap av-uj2igt-736bd9084b1662963a00ae2e4519b65b-wrap avia-button-left  avia-builder-el-1  el_after_av_button  avia-builder-el-last '><a href='https://music.apple.com/it/album/la-terra-%C3%A8-piatta/1475384464'  class='avia-button av-uj2igt-736bd9084b1662963a00ae2e4519b65b av-link-btn avia-icon_select-yes-left-icon avia-size-small avia-position-left avia-color-grey'  target="_blank"  rel="noopener noreferrer"  aria-label="Ascolta o acquista il CD su iTunes"><span class='avia_button_icon avia_button_icon_left avia-iconfont avia-font-entypo-fontello' data-av_icon='' data-av_iconfont='entypo-fontello' ></span><span class='avia_iconbox_title' >Ascolta o acquista il CD su iTunes</span></a></div>
