{"id":16432,"date":"2020-02-18T12:36:55","date_gmt":"2020-02-18T11:36:55","guid":{"rendered":"https:\/\/www.notamusic.com\/?post_type=product&#038;p=16432"},"modified":"2020-04-14T12:51:04","modified_gmt":"2020-04-14T10:51:04","slug":"il-santo-digital-download","status":"publish","type":"product","link":"https:\/\/www.nota.it\/en\/prodotto\/il-santo-digital-download\/","title":{"rendered":"Il Santo (digital download)"},"content":{"rendered":"<p class=\"p1\">Il Santo cammina nelle strade riarse dal sole e con il vento che alza una polvere maledetta che ti si ficca nelle pieghe dell\u2019anima. Il Santo accelera il passo, avvolto nel suo cappotto nero, la notte sotto la pioggia e potrebbe tornare a casa se ne avesse una. Invece fugge il buio e la tempesta, infilandosi nell\u2019ultimo locale ancora aperto. Il Santo non cerca perdoni da pesare sulla bilancia, piuttosto mani di donna che lo sfiorino e che gli restituiscano la sua migliore fortuna d\u2019uomo.<br \/>\nIl Santo non ti giudica perch\u00e8 ha imparato che per ogni persona c\u2019\u00e8 un destino. Il Santo non ha miracoli e non protegge nessuno perch\u00e9 prova tenerezza per l\u2019umanit\u00e0 tutta e per i cani di strada ha un occhio di riguardo. Il Santo conosce gli ultimi perch\u00e9 arrivano sempre prima di lui che \u00e8 solo e dannatamente un uomo. Il Santo non ha monete in tasca ma canzoni e risate e maledizioni. Tocca offrirgliene uno buono se lo si incontra. (G.O.)<\/p>\n<div  class='avia-button-wrap av-uj2igt-eaf3089779ba87b84b782cda61c4cf1c-wrap avia-button-left  avia-builder-el-0  el_before_av_heading  avia-builder-el-first '><a href='https:\/\/music.apple.com\/it\/album\/il-santo\/1234688023'  class='avia-button av-uj2igt-eaf3089779ba87b84b782cda61c4cf1c av-link-btn avia-icon_select-yes-left-icon avia-size-small avia-position-left avia-color-grey'  target=\"_blank\"  rel=\"noopener noreferrer\"  aria-label=\"Ascolta o acquista il CD su iTunes\"><span class='avia_button_icon avia_button_icon_left avia-iconfont avia-font-entypo-fontello' data-av_icon='\ue800' data-av_iconfont='entypo-fontello' ><\/span><span class='avia_iconbox_title' >Ascolta o acquista il CD su iTunes<\/span><\/a><\/div>\n\n<style type=\"text\/css\" data-created_by=\"avia_inline_auto\" id=\"style-css-av-18v0rmm-81667afd5c8ddb00db013dc3203f5792\">\n#top .av-special-heading.av-18v0rmm-81667afd5c8ddb00db013dc3203f5792{\npadding-bottom:10px;\n}\nbody .av-special-heading.av-18v0rmm-81667afd5c8ddb00db013dc3203f5792 .av-special-heading-tag .heading-char{\nfont-size:25px;\n}\n.av-special-heading.av-18v0rmm-81667afd5c8ddb00db013dc3203f5792 .av-subheading{\nfont-size:15px;\n}\n<\/style>\n<div  class='av-special-heading av-18v0rmm-81667afd5c8ddb00db013dc3203f5792 av-special-heading-h4 meta-heading  avia-builder-el-1  el_after_av_button  el_before_av_blog '><h4 class='av-special-heading-tag '  itemprop=\"headline\"  >Recensioni<\/h4><div class=\"special-heading-border\"><div class=\"special-heading-inner-border\"><\/div><\/div><\/div>\n<div  class='av-alb-blogposts template-blog  '  itemscope=\"itemscope\" itemtype=\"https:\/\/schema.org\/Blog\" >\t<article class=\"entry\">\n\t\t<header class=\"entry-content-header\" aria-label=\"No Posts Found\" >\n<h1 class='post-title entry-title '>Nothing Found<\/h1>\t\t<\/header>\n\n\t\t<p class=\"entry-content\"  itemprop=\"text\" >Sorry, no posts matched your criteria<\/p>\n\n\t\t<footer class=\"entry-footer\"><\/footer>\n\t<\/article>\n\n<div class='bloglist-compact'><\/div><\/div>\n","protected":false},"excerpt":{"rendered":"<p><b><span style=\"color: black;\"><span class=\"s1\">Digital Download (PDF booklet + Brani AAC)<\/span> \u2013 36 pagine \u2013 ISBN 9788861631571<\/span><\/b><\/p>\n<p class=\"p3\"><em>13 canzoni di Federico Sirianni<\/em><br \/>\n<em>le illustrazioni di Riccardo Cecchetti<\/em><br \/>\n<em>e un racconto di Giorgio Olmoti<\/em><\/p>\n<p>Sono disponibili 3 download per questo articolo, scaricabili nell\u2019arco di 60gg. dalla data di acquisto. Il download sar\u00e0 disponibile solo dopo il pagamento.<\/p>\n","protected":false},"featured_media":13730,"comment_status":"closed","ping_status":"closed","template":"","meta":[],"product_brand":[],"product_cat":[328],"product_tag":[206,207,208,209],"class_list":{"0":"post-16432","1":"product","2":"type-product","3":"status-publish","4":"has-post-thumbnail","6":"product_cat-digitale","7":"product_tag-block-nota-cd-273","8":"product_tag-bn-cd-273","9":"product_tag-federico-sirianni","10":"product_tag-il-santo","12":"first","13":"instock","14":"downloadable","15":"virtual","16":"purchasable","17":"product-type-simple"},"_links":{"self":[{"href":"https:\/\/www.nota.it\/en\/wp-json\/wp\/v2\/product\/16432","targetHints":{"allow":["GET"]}}],"collection":[{"href":"https:\/\/www.nota.it\/en\/wp-json\/wp\/v2\/product"}],"about":[{"href":"https:\/\/www.nota.it\/en\/wp-json\/wp\/v2\/types\/product"}],"replies":[{"embeddable":true,"href":"https:\/\/www.nota.it\/en\/wp-json\/wp\/v2\/comments?post=16432"}],"wp:featuredmedia":[{"embeddable":true,"href":"https:\/\/www.nota.it\/en\/wp-json\/wp\/v2\/media\/13730"}],"wp:attachment":[{"href":"https:\/\/www.nota.it\/en\/wp-json\/wp\/v2\/media?parent=16432"}],"wp:term":[{"taxonomy":"product_brand","embeddable":true,"href":"https:\/\/www.nota.it\/en\/wp-json\/wp\/v2\/product_brand?post=16432"},{"taxonomy":"product_cat","embeddable":true,"href":"https:\/\/www.nota.it\/en\/wp-json\/wp\/v2\/product_cat?post=16432"},{"taxonomy":"product_tag","embeddable":true,"href":"https:\/\/www.nota.it\/en\/wp-json\/wp\/v2\/product_tag?post=16432"}],"curies":[{"name":"wp","href":"https:\/\/api.w.org\/{rel}","templated":true}]}}

<p class="p1">Il Santo cammina nelle strade riarse dal sole e con il vento che alza una polvere maledetta che ti si ficca nelle pieghe dell’anima. Il Santo accelera il passo, avvolto nel suo cappotto nero, la notte sotto la pioggia e potrebbe tornare a casa se ne avesse una. Invece fugge il buio e la tempesta, infilandosi nell’ultimo locale ancora aperto. Il Santo non cerca perdoni da pesare sulla bilancia, piuttosto mani di donna che lo sfiorino e che gli restituiscano la sua migliore fortuna d’uomo.<br />
Il Santo non ti giudica perchè ha imparato che per ogni persona c’è un destino. Il Santo non ha miracoli e non protegge nessuno perché prova tenerezza per l’umanità tutta e per i cani di strada ha un occhio di riguardo. Il Santo conosce gli ultimi perché arrivano sempre prima di lui che è solo e dannatamente un uomo. Il Santo non ha monete in tasca ma canzoni e risate e maledizioni. Tocca offrirgliene uno buono se lo si incontra. (G.O.)</p>
<div  class='avia-button-wrap av-uj2igt-eaf3089779ba87b84b782cda61c4cf1c-wrap avia-button-left  avia-builder-el-0  el_before_av_heading  avia-builder-el-first '><a href='https://music.apple.com/it/album/il-santo/1234688023'  class='avia-button av-uj2igt-eaf3089779ba87b84b782cda61c4cf1c av-link-btn avia-icon_select-yes-left-icon avia-size-small avia-position-left avia-color-grey'  target="_blank"  rel="noopener noreferrer"  aria-label="Ascolta o acquista il CD su iTunes"><span class='avia_button_icon avia_button_icon_left avia-iconfont avia-font-entypo-fontello' data-av_icon='' data-av_iconfont='entypo-fontello' ></span><span class='avia_iconbox_title' >Ascolta o acquista il CD su iTunes</span></a></div>

<style type="text/css" data-created_by="avia_inline_auto" id="style-css-av-18v0rmm-81667afd5c8ddb00db013dc3203f5792">
#top .av-special-heading.av-18v0rmm-81667afd5c8ddb00db013dc3203f5792{
padding-bottom:10px;
}
body .av-special-heading.av-18v0rmm-81667afd5c8ddb00db013dc3203f5792 .av-special-heading-tag .heading-char{
font-size:25px;
}
.av-special-heading.av-18v0rmm-81667afd5c8ddb00db013dc3203f5792 .av-subheading{
font-size:15px;
}
</style>
<div  class='av-special-heading av-18v0rmm-81667afd5c8ddb00db013dc3203f5792 av-special-heading-h4 meta-heading  avia-builder-el-1  el_after_av_button  el_before_av_blog '><h4 class='av-special-heading-tag '  itemprop="headline"  >Recensioni</h4><div class="special-heading-border"><div class="special-heading-inner-border"></div></div></div>
<div  class='av-alb-blogposts template-blog  '  itemscope="itemscope" itemtype="https://schema.org/Blog" >	<article class="entry">
		<header class="entry-content-header" aria-label="No Posts Found" >
<h1 class='post-title entry-title '>Nothing Found</h1>		</header>

		<p class="entry-content"  itemprop="text" >Sorry, no posts matched your criteria</p>

		<footer class="entry-footer"></footer>
	</article>

<div class='bloglist-compact'></div></div>

<p><b><span style="color: black;"><span class="s1">Digital Download (PDF booklet + Brani AAC)</span> – 36 pagine – ISBN 9788861631571</span></b></p>
<p class="p3"><em>13 canzoni di Federico Sirianni</em><br />
<em>le illustrazioni di Riccardo Cecchetti</em><br />
<em>e un racconto di Giorgio Olmoti</em></p>
<p>Sono disponibili 3 download per questo articolo, scaricabili nell’arco di 60gg. dalla data di acquisto. Il download sarà disponibile solo dopo il pagamento.</p>
