{"id":18365,"date":"2021-05-10T12:28:16","date_gmt":"2021-05-10T10:28:16","guid":{"rendered":"https:\/\/nota.it\/?post_type=product&#038;p=18365"},"modified":"2021-10-11T15:03:00","modified_gmt":"2021-10-11T13:03:00","slug":"suns-vol-4","status":"publish","type":"product","link":"https:\/\/www.nota.it\/en\/prodotto\/suns-vol-4\/","title":{"rendered":"SUNS vol. 4 \u201911 \u2013> \u201915 \/ vive!"},"content":{"rendered":"<p class=\"p2\">LORIS VESCOVO, LINO STRAULINO, ELSA MARTIN, PRISKA, GIULIA DAICI, MATTEO SEGRADO, FRANCO GIORDANI, LUIGI MAIERON, CANZONIERE DI AIELLO, LUNA E UN QUARTO, ALDO SBADIGLIO E LA FAMIGLIA ANANAS IN VACANZA A DRESDA, ALDO ROSSI, CARNICATS, BAKAN, TRABEAT, ULISSE E I CICLOPI, TRUC, MIG29 OVER DISNEYLAND, ARBE GARBE, ORKO TRIO AGGIUNGERE + FABIAN RIZ, LAIPNESSLESS<\/p>\n<p class=\"p3\">Altris cinc agns di \u201cgnove musiche furlane\u201d. La produzion music\u00e2l par furlan e manten ancjem\u00f2 chel so caratar di \u201cnovit\u00e2t\u201d, sei cul salt\u00e2 f\u00fbr di gn\u00fbfs progjets e di gn\u00fbfs persona\u00e7s che cu la inovazion e cu la sperimentazion di cui che al \u00e8 za di timp che al scr\u00eef, che al cjante e che al sune. Sul palc e inte r\u00eat, tra discs, videos, colaborazions, festivals e ricognossiments varis, ancje tal forest.<\/p>\n<p>&nbsp;<\/p>\n<p class=\"p3\">Altri cinque anni di \u201cnuova musica friulana\u201d. La produzione musicale \u201cpar furlan\u201dconferma il proprio carattere di \u201cnovit\u00e0\u201d, sia con l\u2019emersione di nuovi progetti e nuovi personaggi che con l\u2019innovazione e la sperimentazione garantite da chi gi\u00e0 da tempo scrive, canta e suona in friulano. Sul palco e nel web, tra dischi, video, collaborazioni, festival e riconoscimenti, in Friuli e altrove.<\/p>\n<p><div  class='avia-button-wrap av-uj2igt-a1ead9f53a12b720a275bd97dd6fe0f1-wrap avia-button-left  avia-builder-el-0  el_before_av_button  avia-builder-el-first '><a href='https:\/\/www.nota.it\/prodotto\/suns-vol-4-digital-download\/'  class='avia-button av-uj2igt-a1ead9f53a12b720a275bd97dd6fe0f1 av-link-btn avia-icon_select-yes-left-icon avia-size-small avia-position-left avia-color-theme-color'  target=\"_blank\"  rel=\"noopener noreferrer\"  aria-label=\"Acquista il formato digitale\"><span class='avia_button_icon avia_button_icon_left avia-iconfont avia-font-entypo-fontello' data-av_icon='\ue82d' data-av_iconfont='entypo-fontello' ><\/span><span class='avia_iconbox_title' >Acquista il formato digitale<\/span><\/a><\/div> <div  class='avia-button-wrap av-uj2igt-0d9d0e704623b6598de6c02a52e322bb-wrap avia-button-left  avia-builder-el-1  el_after_av_button  avia-builder-el-last '><a href='https:\/\/music.apple.com\/it\/album\/suns-vol-4-vive-antologjie-de-gnove-musiche-furlane-11-15\/1589112205'  class='avia-button av-uj2igt-0d9d0e704623b6598de6c02a52e322bb av-link-btn avia-icon_select-yes-left-icon avia-size-small avia-position-left avia-color-grey'  target=\"_blank\"  rel=\"noopener noreferrer\"  aria-label=\"Ascolta o acquista il CD su iTunes\"><span class='avia_button_icon avia_button_icon_left avia-iconfont avia-font-entypo-fontello' data-av_icon='\ue800' data-av_iconfont='entypo-fontello' ><\/span><span class='avia_iconbox_title' >Ascolta o acquista il CD su iTunes<\/span><\/a><\/div><\/p>\n","protected":false},"excerpt":{"rendered":"<p><strong>Booklet + CD &#8211; 68 pagine &#8211; ISBN 9788861631366<\/strong><\/p>\n<p><strong>Antologjie de gnove musiche furlane<\/strong><\/p>\n<p>par cure \/ a cura di Marco Stolfo<\/p>\n","protected":false},"featured_media":18358,"comment_status":"closed","ping_status":"closed","template":"","meta":[],"product_brand":[],"product_cat":[71],"product_tag":[1154,1165,1150,1162,1164,1163],"class_list":{"0":"post-18365","1":"product","2":"type-product","3":"status-publish","4":"has-post-thumbnail","6":"product_cat-block-nota","7":"product_tag-antologjie-de-gnove-musiche-furlane","8":"product_tag-bn-cd-673","9":"product_tag-suns","10":"product_tag-suns-vol-4","11":"product_tag-vive","12":"product_tag-vol-4","14":"first","15":"instock","16":"purchasable","17":"product-type-simple"},"_links":{"self":[{"href":"https:\/\/www.nota.it\/en\/wp-json\/wp\/v2\/product\/18365","targetHints":{"allow":["GET"]}}],"collection":[{"href":"https:\/\/www.nota.it\/en\/wp-json\/wp\/v2\/product"}],"about":[{"href":"https:\/\/www.nota.it\/en\/wp-json\/wp\/v2\/types\/product"}],"replies":[{"embeddable":true,"href":"https:\/\/www.nota.it\/en\/wp-json\/wp\/v2\/comments?post=18365"}],"wp:featuredmedia":[{"embeddable":true,"href":"https:\/\/www.nota.it\/en\/wp-json\/wp\/v2\/media\/18358"}],"wp:attachment":[{"href":"https:\/\/www.nota.it\/en\/wp-json\/wp\/v2\/media?parent=18365"}],"wp:term":[{"taxonomy":"product_brand","embeddable":true,"href":"https:\/\/www.nota.it\/en\/wp-json\/wp\/v2\/product_brand?post=18365"},{"taxonomy":"product_cat","embeddable":true,"href":"https:\/\/www.nota.it\/en\/wp-json\/wp\/v2\/product_cat?post=18365"},{"taxonomy":"product_tag","embeddable":true,"href":"https:\/\/www.nota.it\/en\/wp-json\/wp\/v2\/product_tag?post=18365"}],"curies":[{"name":"wp","href":"https:\/\/api.w.org\/{rel}","templated":true}]}}

<p class="p2">LORIS VESCOVO, LINO STRAULINO, ELSA MARTIN, PRISKA, GIULIA DAICI, MATTEO SEGRADO, FRANCO GIORDANI, LUIGI MAIERON, CANZONIERE DI AIELLO, LUNA E UN QUARTO, ALDO SBADIGLIO E LA FAMIGLIA ANANAS IN VACANZA A DRESDA, ALDO ROSSI, CARNICATS, BAKAN, TRABEAT, ULISSE E I CICLOPI, TRUC, MIG29 OVER DISNEYLAND, ARBE GARBE, ORKO TRIO AGGIUNGERE + FABIAN RIZ, LAIPNESSLESS</p>
<p class="p3">Altris cinc agns di “gnove musiche furlane”. La produzion musicâl par furlan e manten ancjemò chel so caratar di “novitât”, sei cul saltâ fûr di gnûfs progjets e di gnûfs personaçs che cu la inovazion e cu la sperimentazion di cui che al è za di timp che al scrîf, che al cjante e che al sune. Sul palc e inte rêt, tra discs, videos, colaborazions, festivals e ricognossiments varis, ancje tal forest.</p>
<p>&nbsp;</p>
<p class="p3">Altri cinque anni di “nuova musica friulana”. La produzione musicale “par furlan”conferma il proprio carattere di “novità”, sia con l’emersione di nuovi progetti e nuovi personaggi che con l’innovazione e la sperimentazione garantite da chi già da tempo scrive, canta e suona in friulano. Sul palco e nel web, tra dischi, video, collaborazioni, festival e riconoscimenti, in Friuli e altrove.</p>
<p><div  class='avia-button-wrap av-uj2igt-a1ead9f53a12b720a275bd97dd6fe0f1-wrap avia-button-left  avia-builder-el-0  el_before_av_button  avia-builder-el-first '><a href='https://www.nota.it/prodotto/suns-vol-4-digital-download/'  class='avia-button av-uj2igt-a1ead9f53a12b720a275bd97dd6fe0f1 av-link-btn avia-icon_select-yes-left-icon avia-size-small avia-position-left avia-color-theme-color'  target="_blank"  rel="noopener noreferrer"  aria-label="Acquista il formato digitale"><span class='avia_button_icon avia_button_icon_left avia-iconfont avia-font-entypo-fontello' data-av_icon='' data-av_iconfont='entypo-fontello' ></span><span class='avia_iconbox_title' >Acquista il formato digitale</span></a></div> <div  class='avia-button-wrap av-uj2igt-0d9d0e704623b6598de6c02a52e322bb-wrap avia-button-left  avia-builder-el-1  el_after_av_button  avia-builder-el-last '><a href='https://music.apple.com/it/album/suns-vol-4-vive-antologjie-de-gnove-musiche-furlane-11-15/1589112205'  class='avia-button av-uj2igt-0d9d0e704623b6598de6c02a52e322bb av-link-btn avia-icon_select-yes-left-icon avia-size-small avia-position-left avia-color-grey'  target="_blank"  rel="noopener noreferrer"  aria-label="Ascolta o acquista il CD su iTunes"><span class='avia_button_icon avia_button_icon_left avia-iconfont avia-font-entypo-fontello' data-av_icon='' data-av_iconfont='entypo-fontello' ></span><span class='avia_iconbox_title' >Ascolta o acquista il CD su iTunes</span></a></div></p>
