{"id":22844,"date":"2022-11-30T10:00:32","date_gmt":"2022-11-30T09:00:32","guid":{"rendered":"https:\/\/www.nota.it\/?post_type=product&#038;p=22844"},"modified":"2023-02-22T09:36:32","modified_gmt":"2023-02-22T08:36:32","slug":"piu-culo-o-sentimento","status":"publish","type":"product","link":"https:\/\/www.nota.it\/en\/prodotto\/piu-culo-o-sentimento\/","title":{"rendered":"Pi\u00f9 culo o sentimento?"},"content":{"rendered":"<p class=\"p1\"><em>Tre tipi assolutamente poco raccomandabili. I loro album contengono canzoncine spiritosissime e gustose. Brani assolutamente non convenzionali e tutti da\u2026 ridere!\u00a0 \u00a0<\/em><b><span style=\"color: #000000;\"><span class=\"s1\">Renzo Arbore<\/span><\/span><\/b><\/p>\n<p class=\"p1\"><em>Frizzi Comini Tonazzi furono scoperti da Arbore e anche da me, era il tempo in cui scrivevamo assieme la rubrica\u00a0DiscoParade, sul Corriere della Sera. Personaggi incredibili, con un umorismo intelligente. Sono stati unici!\u00a0 \u00a0<\/em><b><span style=\"color: #000000;\"><span class=\"s1\">Mario Luzzatto Fegiz<\/span><\/span><\/b><\/p>\n<p class=\"p1\"><em>Che musica facevano? Inclassificabile. Ironica, demenziale, dialettale, swing, autarchica, astratta e musicale insieme? Nessuno mi sapeva dare una risposta ma piacevano a tutta la CGD e soprattutto piacevano a quell\u2019incredibile scopritore di talenti che era Caterina Caselli, che mi aveva fatto ascoltare tutta un\u2019estate \u201cRitmo provinciale\u201d.\u00a0 \u00a0<\/em><b><span style=\"color: #000000;\"><span class=\"s1\">Livia Aymonino<\/span><\/span><\/b><\/p>\n<p>&nbsp;<\/p>\n<p class=\"p1\">Il trio musicale <strong>Frizzi Comini Tonazzi<\/strong> (Massimo, Sandro, Enrico) nasce ufficialmente a Udine nel 1975 con l\u2019artigianale incisione dell\u2019audiocassetta \u201cLe Craccole\u201d. Vero elogio al sozzume, l\u2019album \u00e8 considerato dai pi\u00f9 facinorosi ancora insuperato e il migliore. Il graduale processo di raffinazione e crescita porter\u00e0 la band al cospetto di Caterina Caselli che, con la CGD, produrr\u00e0 tre dei suoi dischi: \u201cMelodia\u201d, \u201cRitmo Provinciale\u201d e \u201cIntimo\u201d. Passati alle cronache come i pionieri della musica demenziale, il genere dei FCT \u00e8 in realt\u00e0 indefinibile. La discografi a, 20 album pubblicati a tutt\u2019oggi, \u00e8 un viaggio surreale fra quotidiano e straniamento, lingue e linguaggi, goliardia e divertimento, ironia e irriverenza; \u00e8 anticonvenzionale per eccellenza pur nella convenzione della forma musicale. Sono stati quello che si usa dire un fenomeno \u201ccult\u201d che ha attraversato in modo sotterraneo diverse stagioni della musica italiana. Il libro ne racconta le vicende, improbabili eppur reali, appuntate, testimoniate, documentate, a disegnare il profilo di un\u2019esperienza che porta il nome di tre ragazzi che hanno cominciato per scherzo e hanno proseguito per puro divertimento, nonostante\u2026<\/p>\n<p>&nbsp;<\/p>\n<p class=\"p1\"><strong>Lucia Burello<\/strong> \u00e8 giornalista e scrittrice. Ha affiancato, in qualit\u00e0 di editor, l\u2019attore Paolo Villaggio scrivendo con lui undici libri. Di suo ha scritto: \u201cOsterie dentro le mura in Udine dal Quattrocento ai giorni nostri\u201d (Edizioni della Laguna, 1998); \u201cGustate la nostra storia. Alle origini dei sapori friulani\u201d (Edizioni del confine, 1999); \u201cLa porta d\u2019Italia. Diari di viaggiatori polacchi in Friuli Venezia Giulia dal XVI al XIX secolo\u201d (Forum, 2000); \u201cCronache assassine. Omicidi in Friuli Venezia Giulia del XIX secolo\u201d (Selekta, 2011); \u201cDannato Friuli. Storie di antichi omicidi per il dopocena\u201d (Gaspari, 2016); \u201cDelitti e passioni in Friuli\u201d (Gaspari, 2018); \u201cFantasmi tra noi. Il mistero nelle confessioni dei friulani di oggi\u201d (Gaspari 2019).<\/p>\n<div  class='avia-button-wrap av-uj2igt-95b660d2fbd4a84fcc6e776f23266cd1-wrap avia-button-left  avia-builder-el-0  avia-builder-el-no-sibling '><a href='https:\/\/www.nota.it\/prodotto\/piu-culo-o-sentimento-digital-download\/'  class='avia-button av-uj2igt-95b660d2fbd4a84fcc6e776f23266cd1 av-link-btn avia-icon_select-yes-left-icon avia-size-small avia-position-left avia-color-theme-color'  target=\"_blank\"  rel=\"noopener noreferrer\"  aria-label=\"Acquista il formato digitale\"><span class='avia_button_icon avia_button_icon_left avia-iconfont avia-font-entypo-fontello' data-av_icon='\ue82d' data-av_iconfont='entypo-fontello' ><\/span><span class='avia_iconbox_title' >Acquista il formato digitale<\/span><\/a><\/div>\n","protected":false},"excerpt":{"rendered":"<p><strong>Book \u2013 152 pagine \u2013 ISBN 9788861632684<\/strong><\/p>\n<p class=\"p1\"><b>Una vita a sprazzi. La vera storia di Frizzi Comini Tonazzi<\/b><\/p>\n<p class=\"p1\"><i>Lucia Burello<\/i><\/p>\n","protected":false},"featured_media":22841,"comment_status":"closed","ping_status":"closed","template":"","meta":[],"product_brand":[],"product_cat":[215],"product_tag":[2195,2196,2189,2191,2190,2192,2193,2194,2188],"class_list":{"0":"post-22844","1":"product","2":"type-product","3":"status-publish","4":"has-post-thumbnail","6":"product_cat-nota-en","7":"product_tag-caterina-caselli","8":"product_tag-cgd","9":"product_tag-enrico-tonazzi","10":"product_tag-frizzi-com","11":"product_tag-frizzi-massimo","12":"product_tag-lucia-burello","13":"product_tag-nota-book-027","14":"product_tag-piu-culo-o-sentimento","15":"product_tag-sandro-comini","17":"first","18":"instock","19":"purchasable","20":"product-type-simple"},"_links":{"self":[{"href":"https:\/\/www.nota.it\/en\/wp-json\/wp\/v2\/product\/22844","targetHints":{"allow":["GET"]}}],"collection":[{"href":"https:\/\/www.nota.it\/en\/wp-json\/wp\/v2\/product"}],"about":[{"href":"https:\/\/www.nota.it\/en\/wp-json\/wp\/v2\/types\/product"}],"replies":[{"embeddable":true,"href":"https:\/\/www.nota.it\/en\/wp-json\/wp\/v2\/comments?post=22844"}],"wp:featuredmedia":[{"embeddable":true,"href":"https:\/\/www.nota.it\/en\/wp-json\/wp\/v2\/media\/22841"}],"wp:attachment":[{"href":"https:\/\/www.nota.it\/en\/wp-json\/wp\/v2\/media?parent=22844"}],"wp:term":[{"taxonomy":"product_brand","embeddable":true,"href":"https:\/\/www.nota.it\/en\/wp-json\/wp\/v2\/product_brand?post=22844"},{"taxonomy":"product_cat","embeddable":true,"href":"https:\/\/www.nota.it\/en\/wp-json\/wp\/v2\/product_cat?post=22844"},{"taxonomy":"product_tag","embeddable":true,"href":"https:\/\/www.nota.it\/en\/wp-json\/wp\/v2\/product_tag?post=22844"}],"curies":[{"name":"wp","href":"https:\/\/api.w.org\/{rel}","templated":true}]}}

Più culo o sentimento?

<p class="p1"><em>Tre tipi assolutamente poco raccomandabili. I loro album contengono canzoncine spiritosissime e gustose. Brani assolutamente non convenzionali e tutti da… ridere!   </em><b><span style="color: #000000;"><span class="s1">Renzo Arbore</span></span></b></p>
<p class="p1"><em>Frizzi Comini Tonazzi furono scoperti da Arbore e anche da me, era il tempo in cui scrivevamo assieme la rubrica DiscoParade, sul Corriere della Sera. Personaggi incredibili, con un umorismo intelligente. Sono stati unici!   </em><b><span style="color: #000000;"><span class="s1">Mario Luzzatto Fegiz</span></span></b></p>
<p class="p1"><em>Che musica facevano? Inclassificabile. Ironica, demenziale, dialettale, swing, autarchica, astratta e musicale insieme? Nessuno mi sapeva dare una risposta ma piacevano a tutta la CGD e soprattutto piacevano a quell’incredibile scopritore di talenti che era Caterina Caselli, che mi aveva fatto ascoltare tutta un’estate “Ritmo provinciale”.   </em><b><span style="color: #000000;"><span class="s1">Livia Aymonino</span></span></b></p>
<p>&nbsp;</p>
<p class="p1">Il trio musicale <strong>Frizzi Comini Tonazzi</strong> (Massimo, Sandro, Enrico) nasce ufficialmente a Udine nel 1975 con l’artigianale incisione dell’audiocassetta “Le Craccole”. Vero elogio al sozzume, l’album è considerato dai più facinorosi ancora insuperato e il migliore. Il graduale processo di raffinazione e crescita porterà la band al cospetto di Caterina Caselli che, con la CGD, produrrà tre dei suoi dischi: “Melodia”, “Ritmo Provinciale” e “Intimo”. Passati alle cronache come i pionieri della musica demenziale, il genere dei FCT è in realtà indefinibile. La discografi a, 20 album pubblicati a tutt’oggi, è un viaggio surreale fra quotidiano e straniamento, lingue e linguaggi, goliardia e divertimento, ironia e irriverenza; è anticonvenzionale per eccellenza pur nella convenzione della forma musicale. Sono stati quello che si usa dire un fenomeno “cult” che ha attraversato in modo sotterraneo diverse stagioni della musica italiana. Il libro ne racconta le vicende, improbabili eppur reali, appuntate, testimoniate, documentate, a disegnare il profilo di un’esperienza che porta il nome di tre ragazzi che hanno cominciato per scherzo e hanno proseguito per puro divertimento, nonostante…</p>
<p>&nbsp;</p>
<p class="p1"><strong>Lucia Burello</strong> è giornalista e scrittrice. Ha affiancato, in qualità di editor, l’attore Paolo Villaggio scrivendo con lui undici libri. Di suo ha scritto: “Osterie dentro le mura in Udine dal Quattrocento ai giorni nostri” (Edizioni della Laguna, 1998); “Gustate la nostra storia. Alle origini dei sapori friulani” (Edizioni del confine, 1999); “La porta d’Italia. Diari di viaggiatori polacchi in Friuli Venezia Giulia dal XVI al XIX secolo” (Forum, 2000); “Cronache assassine. Omicidi in Friuli Venezia Giulia del XIX secolo” (Selekta, 2011); “Dannato Friuli. Storie di antichi omicidi per il dopocena” (Gaspari, 2016); “Delitti e passioni in Friuli” (Gaspari, 2018); “Fantasmi tra noi. Il mistero nelle confessioni dei friulani di oggi” (Gaspari 2019).</p>
<div  class='avia-button-wrap av-uj2igt-95b660d2fbd4a84fcc6e776f23266cd1-wrap avia-button-left  avia-builder-el-0  avia-builder-el-no-sibling '><a href='https://www.nota.it/prodotto/piu-culo-o-sentimento-digital-download/'  class='avia-button av-uj2igt-95b660d2fbd4a84fcc6e776f23266cd1 av-link-btn avia-icon_select-yes-left-icon avia-size-small avia-position-left avia-color-theme-color'  target="_blank"  rel="noopener noreferrer"  aria-label="Acquista il formato digitale"><span class='avia_button_icon avia_button_icon_left avia-iconfont avia-font-entypo-fontello' data-av_icon='' data-av_iconfont='entypo-fontello' ></span><span class='avia_iconbox_title' >Acquista il formato digitale</span></a></div>
