{"id":23160,"date":"2023-02-19T09:25:38","date_gmt":"2023-02-19T08:25:38","guid":{"rendered":"https:\/\/www.nota.it\/?post_type=product&#038;p=23160"},"modified":"2023-02-22T09:51:15","modified_gmt":"2023-02-22T08:51:15","slug":"pakai","status":"publish","type":"product","link":"https:\/\/www.nota.it\/en\/prodotto\/pakai\/","title":{"rendered":"Pakai"},"content":{"rendered":"<p class=\"p1\">Il libro ripercorre la storia del trio carnico che ha fatto ballare, cantare e sognare un\u2019epoca. Nato agli inizi degli anni Settanta ed attivo fino ai primi anni Novanta, il gruppo formato da Amato Matiz \u201cPakai\u201d alla fisarmonica, Genesio Puntel al contrabbasso, Paolo Morocutti alla chitarra e Stefano Paletti alla voce, \u00e8 stato l\u2019espressione di un sentire autentico che ha raggiunto l\u2019Europa, il Canada, l\u2019America ed il Sudafrica. Autori di musiche, testi e di originali rivisitazioni del patrimonio musicale friulano, ma anche austriaco e sloveno, i componenti di questa mitica formazione rivivono in questo libro insieme alle loro imprese ed avventure, di cui molte esilaranti. Documenti, analisi, fotografi e, aneddoti e testimonianze, ricostruiscono la carriera artistica e le personalit\u00e0 di questi amati e indimenticati protagonisti del folk.<\/p>\n<p class=\"p1\"><strong>Alessio Screm<\/strong> \u00e8 dottore internazionale di ricerca in musicologia, ha una seconda laurea in Culture et m\u00e9diation des arts du spectacle conseguita all\u2019Universit\u00e9 Fran\u00e7ois Rabelais de Tours ed \u00e8 in corso di tesi per una terza laurea magistrale in Economia e Gestione delle Arti e delle Attivit\u00e0 Culturali all\u2019Universit\u00e0 Ca\u2019 Foscari di Venezia. \u00c8 docente, scrittore, giornalista, autore e conduttore Rai. Tra i suoi libri pi\u00f9 signifi cativi si ricorda: \u201cI disegni della musica in Carnia \/ Bilder der Musik in der Carnia\u201d (Interreg V-A Italia-Austria 2014-2020), \u201cGiovanni Battista Cossetti e la riforma della musica sacra in Friuli tra Ottocento e Novecento\u201d (Forum 2015), \u201cChopin, il poeta al pianoforte\u201d (Audax 2010).<\/p>\n<div  class='avia-button-wrap av-uj2igt-52dfde37cbc476858b24dc229dcfaf80-wrap avia-button-left  avia-builder-el-0  el_before_av_heading  avia-builder-el-first '><a href='https:\/\/www.nota.it\/prodotto\/pakai-digital-download\/'  class='avia-button av-uj2igt-52dfde37cbc476858b24dc229dcfaf80 av-link-btn avia-icon_select-yes-left-icon avia-size-small avia-position-left avia-color-theme-color'  target=\"_blank\"  rel=\"noopener noreferrer\"  aria-label=\"Acquista il formato digitale\"><span class='avia_button_icon avia_button_icon_left avia-iconfont avia-font-entypo-fontello' data-av_icon='\ue82d' data-av_iconfont='entypo-fontello' ><\/span><span class='avia_iconbox_title' >Acquista il formato digitale<\/span><\/a><\/div>\n<p class=\"p1\">\n<style type=\"text\/css\" data-created_by=\"avia_inline_auto\" id=\"style-css-av-18v0rmm-81667afd5c8ddb00db013dc3203f5792\">\n#top .av-special-heading.av-18v0rmm-81667afd5c8ddb00db013dc3203f5792{\npadding-bottom:10px;\n}\nbody .av-special-heading.av-18v0rmm-81667afd5c8ddb00db013dc3203f5792 .av-special-heading-tag .heading-char{\nfont-size:25px;\n}\n.av-special-heading.av-18v0rmm-81667afd5c8ddb00db013dc3203f5792 .av-subheading{\nfont-size:15px;\n}\n<\/style>\n<div  class='av-special-heading av-18v0rmm-81667afd5c8ddb00db013dc3203f5792 av-special-heading-h4 meta-heading  avia-builder-el-1  el_after_av_button  el_before_av_blog '><h4 class='av-special-heading-tag '  itemprop=\"headline\"  >Recensioni<\/h4><div class=\"special-heading-border\"><div class=\"special-heading-inner-border\"><\/div><\/div><\/div><\/p>\n<div  class='av-alb-blogposts template-blog  '  itemscope=\"itemscope\" itemtype=\"https:\/\/schema.org\/Blog\" >\t<article class=\"entry\">\n\t\t<header class=\"entry-content-header\" aria-label=\"No Posts Found\" >\n<h1 class='post-title entry-title '>Nothing Found<\/h1>\t\t<\/header>\n\n\t\t<p class=\"entry-content\"  itemprop=\"text\" >Sorry, no posts matched your criteria<\/p>\n\n\t\t<footer class=\"entry-footer\"><\/footer>\n\t<\/article>\n\n<div class='bloglist-compact'><\/div><\/div>\n","protected":false},"excerpt":{"rendered":"<p class=\"p1\"><strong>Book \u2013 160 pagine \u2013 ISBN 9788861632707<\/strong><\/p>\n<p class=\"p1\"><em>IL TRIO CHE SI \u00c8 FATTO IN QUATTRO<\/em><br \/>\n<em>Storia e aneddoti del mito musicale carnico<\/em><\/p>\n<p>Alessio Screm<\/p>\n","protected":false},"featured_media":23158,"comment_status":"closed","ping_status":"closed","template":"","meta":[],"product_brand":[],"product_cat":[65],"product_tag":[1552,1557,1550,1556,1551,1553,1554,1555],"class_list":{"0":"post-23160","1":"product","2":"type-product","3":"status-publish","4":"has-post-thumbnail","6":"product_cat-nota","7":"product_tag-amato-matiz","8":"product_tag-carnia","9":"product_tag-genesio-puntel","10":"product_tag-paluzza","11":"product_tag-paolo-morocutti","12":"product_tag-stefano-paletti","13":"product_tag-trio-carnico","14":"product_tag-trio-pakai","16":"first","17":"instock","18":"purchasable","19":"product-type-simple"},"_links":{"self":[{"href":"https:\/\/www.nota.it\/en\/wp-json\/wp\/v2\/product\/23160","targetHints":{"allow":["GET"]}}],"collection":[{"href":"https:\/\/www.nota.it\/en\/wp-json\/wp\/v2\/product"}],"about":[{"href":"https:\/\/www.nota.it\/en\/wp-json\/wp\/v2\/types\/product"}],"replies":[{"embeddable":true,"href":"https:\/\/www.nota.it\/en\/wp-json\/wp\/v2\/comments?post=23160"}],"wp:featuredmedia":[{"embeddable":true,"href":"https:\/\/www.nota.it\/en\/wp-json\/wp\/v2\/media\/23158"}],"wp:attachment":[{"href":"https:\/\/www.nota.it\/en\/wp-json\/wp\/v2\/media?parent=23160"}],"wp:term":[{"taxonomy":"product_brand","embeddable":true,"href":"https:\/\/www.nota.it\/en\/wp-json\/wp\/v2\/product_brand?post=23160"},{"taxonomy":"product_cat","embeddable":true,"href":"https:\/\/www.nota.it\/en\/wp-json\/wp\/v2\/product_cat?post=23160"},{"taxonomy":"product_tag","embeddable":true,"href":"https:\/\/www.nota.it\/en\/wp-json\/wp\/v2\/product_tag?post=23160"}],"curies":[{"name":"wp","href":"https:\/\/api.w.org\/{rel}","templated":true}]}}

<p class="p1">Il libro ripercorre la storia del trio carnico che ha fatto ballare, cantare e sognare un’epoca. Nato agli inizi degli anni Settanta ed attivo fino ai primi anni Novanta, il gruppo formato da Amato Matiz “Pakai” alla fisarmonica, Genesio Puntel al contrabbasso, Paolo Morocutti alla chitarra e Stefano Paletti alla voce, è stato l’espressione di un sentire autentico che ha raggiunto l’Europa, il Canada, l’America ed il Sudafrica. Autori di musiche, testi e di originali rivisitazioni del patrimonio musicale friulano, ma anche austriaco e sloveno, i componenti di questa mitica formazione rivivono in questo libro insieme alle loro imprese ed avventure, di cui molte esilaranti. Documenti, analisi, fotografi e, aneddoti e testimonianze, ricostruiscono la carriera artistica e le personalità di questi amati e indimenticati protagonisti del folk.</p>
<p class="p1"><strong>Alessio Screm</strong> è dottore internazionale di ricerca in musicologia, ha una seconda laurea in Culture et médiation des arts du spectacle conseguita all’Université François Rabelais de Tours ed è in corso di tesi per una terza laurea magistrale in Economia e Gestione delle Arti e delle Attività Culturali all’Università Ca’ Foscari di Venezia. È docente, scrittore, giornalista, autore e conduttore Rai. Tra i suoi libri più signifi cativi si ricorda: “I disegni della musica in Carnia / Bilder der Musik in der Carnia” (Interreg V-A Italia-Austria 2014-2020), “Giovanni Battista Cossetti e la riforma della musica sacra in Friuli tra Ottocento e Novecento” (Forum 2015), “Chopin, il poeta al pianoforte” (Audax 2010).</p>
<div  class='avia-button-wrap av-uj2igt-52dfde37cbc476858b24dc229dcfaf80-wrap avia-button-left  avia-builder-el-0  el_before_av_heading  avia-builder-el-first '><a href='https://www.nota.it/prodotto/pakai-digital-download/'  class='avia-button av-uj2igt-52dfde37cbc476858b24dc229dcfaf80 av-link-btn avia-icon_select-yes-left-icon avia-size-small avia-position-left avia-color-theme-color'  target="_blank"  rel="noopener noreferrer"  aria-label="Acquista il formato digitale"><span class='avia_button_icon avia_button_icon_left avia-iconfont avia-font-entypo-fontello' data-av_icon='' data-av_iconfont='entypo-fontello' ></span><span class='avia_iconbox_title' >Acquista il formato digitale</span></a></div>
<p class="p1">
<style type="text/css" data-created_by="avia_inline_auto" id="style-css-av-18v0rmm-81667afd5c8ddb00db013dc3203f5792">
#top .av-special-heading.av-18v0rmm-81667afd5c8ddb00db013dc3203f5792{
padding-bottom:10px;
}
body .av-special-heading.av-18v0rmm-81667afd5c8ddb00db013dc3203f5792 .av-special-heading-tag .heading-char{
font-size:25px;
}
.av-special-heading.av-18v0rmm-81667afd5c8ddb00db013dc3203f5792 .av-subheading{
font-size:15px;
}
</style>
<div  class='av-special-heading av-18v0rmm-81667afd5c8ddb00db013dc3203f5792 av-special-heading-h4 meta-heading  avia-builder-el-1  el_after_av_button  el_before_av_blog '><h4 class='av-special-heading-tag '  itemprop="headline"  >Recensioni</h4><div class="special-heading-border"><div class="special-heading-inner-border"></div></div></div></p>
<div  class='av-alb-blogposts template-blog  '  itemscope="itemscope" itemtype="https://schema.org/Blog" >	<article class="entry">
		<header class="entry-content-header" aria-label="No Posts Found" >
<h1 class='post-title entry-title '>Nothing Found</h1>		</header>

		<p class="entry-content"  itemprop="text" >Sorry, no posts matched your criteria</p>

		<footer class="entry-footer"></footer>
	</article>

<div class='bloglist-compact'></div></div>

<p class="p1"><strong>Book – 160 pagine – ISBN 9788861632707</strong></p>
<p class="p1"><em>IL TRIO CHE SI È FATTO IN QUATTRO</em><br />
<em>Storia e aneddoti del mito musicale carnico</em></p>
<p>Alessio Screm</p>
